Last updated on 2023-12-09 04:51:09 CET.
Flavor | Version | Tinstall | Tcheck | Ttotal | Status | Flags |
---|---|---|---|---|---|---|
r-devel-linux-x86_64-debian-clang | 0.1.5 | 46.09 | 74.45 | 120.54 | NOTE | |
r-devel-linux-x86_64-debian-gcc | 0.1.5 | 29.61 | 56.93 | 86.54 | NOTE | |
r-devel-linux-x86_64-fedora-clang | 0.1.5 | 171.94 | NOTE | |||
r-devel-linux-x86_64-fedora-gcc | 0.1.5 | 171.61 | NOTE | |||
r-devel-windows-x86_64 | 0.1.5 | 40.00 | 103.00 | 143.00 | NOTE | |
r-patched-linux-x86_64 | 0.1.5 | 38.18 | 72.68 | 110.86 | NOTE | |
r-release-linux-x86_64 | 0.1.5 | 38.00 | 71.53 | 109.53 | NOTE | |
r-release-macos-arm64 | 0.1.5 | 60.00 | NOTE | |||
r-release-macos-x86_64 | 0.1.5 | 88.00 | NOTE | |||
r-release-windows-x86_64 | 0.1.5 | 51.00 | 117.00 | 168.00 | NOTE | |
r-oldrel-macos-arm64 | 0.1.5 | 46.00 | NOTE | |||
r-oldrel-macos-x86_64 | 0.1.5 | 73.00 | NOTE | |||
r-oldrel-windows-x86_64 | 0.1.5 | 46.00 | 110.00 | 156.00 | NOTE |
Version: 0.1.5
Check: LazyData
Result: NOTE
'LazyData' is specified without a 'data' directory
Flavors: r-devel-linux-x86_64-debian-clang, r-devel-linux-x86_64-debian-gcc, r-devel-linux-x86_64-fedora-clang, r-devel-linux-x86_64-fedora-gcc, r-devel-windows-x86_64, r-patched-linux-x86_64, r-release-linux-x86_64, r-release-macos-arm64, r-release-macos-x86_64, r-release-windows-x86_64, r-oldrel-macos-arm64, r-oldrel-macos-x86_64, r-oldrel-windows-x86_64
Version: 0.1.5
Check: Rd cross-references
Result: NOTE
Undeclared package ‘tm’ in Rd xrefs
Flavor: r-devel-linux-x86_64-fedora-clang