CRAN Package Check Results for Package textdata

Last updated on 2024-02-28 05:13:06 CET.

Flavor Version Tinstall Tcheck Ttotal Status Flags
r-devel-linux-x86_64-debian-clang 0.4.4 4.48 52.88 57.36 NOTE
r-devel-linux-x86_64-debian-gcc 0.4.4 5.32 40.07 45.39 NOTE
r-devel-linux-x86_64-fedora-clang 0.4.4 72.82 NOTE
r-devel-linux-x86_64-fedora-gcc 0.4.4 82.68 NOTE
r-devel-windows-x86_64 0.4.4 6.00 68.00 74.00 OK
r-patched-linux-x86_64 0.4.4 4.29 50.99 55.28 OK
r-release-linux-x86_64 0.4.4 4.35 50.13 54.48 OK
r-release-macos-arm64 0.4.4 32.00 OK
r-release-macos-x86_64 0.4.4 48.00 OK
r-release-windows-x86_64 0.4.4 7.00 72.00 79.00 OK
r-oldrel-macos-arm64 0.4.4 23.00 OK
r-oldrel-windows-x86_64 0.4.4 8.00 68.00 76.00 OK

Check Details

Version: 0.4.4
Check: Rd files
Result: NOTE checkRd: (-1) lexicon_afinn.Rd:48: Lost braces; missing escapes or markup? 48 | ``A new {ANEW:} Evaluation of a word list for sentiment analysis in | ^ checkRd: (-1) lexicon_afinn.Rd:54: Lost braces; missing escapes or markup? 54 | title = \{A new {ANEW:} Evaluation of a word list for sentiment analysis in microblogs\}, \cr | ^ Flavors: r-devel-linux-x86_64-debian-clang, r-devel-linux-x86_64-debian-gcc, r-devel-linux-x86_64-fedora-clang, r-devel-linux-x86_64-fedora-gcc