Last updated on 2023-12-01 16:51:48 CET.
Flavor | Version | Tinstall | Tcheck | Ttotal | Status | Flags |
---|---|---|---|---|---|---|
r-devel-linux-x86_64-debian-clang | 0.6.4 | 73.25 | 195.89 | 269.14 | OK | |
r-devel-linux-x86_64-debian-gcc | 0.6.4 | 58.13 | 153.71 | 211.84 | OK | |
r-devel-linux-x86_64-fedora-clang | 0.6.4 | 355.41 | NOTE | |||
r-devel-linux-x86_64-fedora-gcc | 0.6.4 | 416.78 | OK | |||
r-devel-windows-x86_64 | 0.6.4 | 60.00 | 175.00 | 235.00 | OK | |
r-patched-linux-x86_64 | 0.6.4 | 75.25 | 183.16 | 258.41 | OK | |
r-release-linux-x86_64 | 0.6.4 | 77.88 | 182.14 | 260.02 | OK | |
r-release-macos-arm64 | 0.6.4 | 121.00 | NOTE | |||
r-release-macos-x86_64 | 0.6.4 | 218.00 | NOTE | |||
r-release-windows-x86_64 | 0.6.4 | 78.00 | 258.00 | 336.00 | OK | |
r-oldrel-macos-arm64 | 0.6.4 | 114.00 | NOTE | |||
r-oldrel-macos-x86_64 | 0.6.3 | 156.00 | NOTE | |||
r-oldrel-windows-x86_64 | 0.6.4 | 71.00 | 218.00 | 289.00 | OK |
Version: 0.6.4
Check: whether startup messages can be suppressed
Result: NOTE
OMP: Warning #96: Cannot form a team with 24 threads, using 2 instead.
OMP: Hint Consider unsetting KMP_DEVICE_THREAD_LIMIT (KMP_ALL_THREADS), KMP_TEAMS_THREAD_LIMIT, and OMP_THREAD_LIMIT (if any are set).
It looks like this package (or a package it requires) has a startup
message which cannot be suppressed: see ?packageStartupMessage.
Flavor: r-devel-linux-x86_64-fedora-clang
Version: 0.6.4
Check: installed package size
Result: NOTE
installed size is 7.6Mb
sub-directories of 1Mb or more:
data 2.7Mb
libs 4.0Mb
Flavors: r-release-macos-arm64, r-release-macos-x86_64, r-oldrel-macos-arm64
Version: 0.6.3
Check: installed package size
Result: NOTE
installed size is 10.3Mb
sub-directories of 1Mb or more:
data 2.7Mb
doc 3.0Mb
libs 4.1Mb
Flavor: r-oldrel-macos-x86_64