Last updated on 2023-11-29 16:52:06 CET.
Flavor | Version | Tinstall | Tcheck | Ttotal | Status | Flags |
---|---|---|---|---|---|---|
r-devel-linux-x86_64-debian-clang | 1.39.3 | 21.24 | 165.79 | 187.03 | NOTE | |
r-devel-linux-x86_64-debian-gcc | 1.39.3 | 13.34 | 119.52 | 132.86 | NOTE | |
r-devel-linux-x86_64-fedora-clang | 1.39.3 | 238.12 | NOTE | |||
r-devel-linux-x86_64-fedora-gcc | 1.39.3 | 271.54 | NOTE | |||
r-devel-windows-x86_64 | 1.39.3 | 15.00 | 168.00 | 183.00 | NOTE | |
r-patched-linux-x86_64 | 1.39.3 | 22.54 | 157.55 | 180.09 | NOTE | |
r-release-linux-x86_64 | 1.39.3 | 15.72 | 162.91 | 178.63 | NOTE | |
r-release-macos-arm64 | 1.39.3 | 79.00 | NOTE | |||
r-release-macos-x86_64 | 1.39.3 | 166.00 | NOTE | |||
r-release-windows-x86_64 | 1.39.3 | 23.00 | 206.00 | 229.00 | NOTE | |
r-oldrel-macos-arm64 | 1.39.3 | 78.00 | NOTE | |||
r-oldrel-macos-x86_64 | 1.38.6 | 81.00 | NOTE | |||
r-oldrel-windows-x86_64 | 1.39.3 | 26.00 | 169.00 | 195.00 | NOTE |
Version: 1.39.3
Check: package dependencies
Result: NOTE
Packages which this enhances but not available for checking:
'mnlogit', 'Zelig'
Flavors: r-devel-linux-x86_64-debian-clang, r-devel-linux-x86_64-debian-gcc, r-devel-linux-x86_64-fedora-clang, r-devel-linux-x86_64-fedora-gcc, r-devel-windows-x86_64, r-patched-linux-x86_64, r-release-linux-x86_64, r-release-macos-arm64, r-release-macos-x86_64, r-release-windows-x86_64, r-oldrel-windows-x86_64
Version: 1.39.3
Check: package dependencies
Result: NOTE
Package which this enhances but not available for checking: ‘mnlogit’
Flavor: r-oldrel-macos-arm64
Version: 1.38.6
Check: package dependencies
Result: NOTE
Packages which this enhances but not available for checking:
'mnlogit', 'Zelig'
Flavor: r-oldrel-macos-x86_64