CRAN Package Check Results for Package tetraclasse

Last updated on 2024-02-27 16:49:31 CET.

Flavor Version Tinstall Tcheck Ttotal Status Flags
r-devel-linux-x86_64-debian-clang 0.1.21 6.79 105.27 112.06 NOTE
r-devel-linux-x86_64-debian-gcc 0.1.21 5.58 79.14 84.72 NOTE
r-devel-linux-x86_64-fedora-clang 0.1.21 138.42 NOTE
r-devel-linux-x86_64-fedora-gcc 0.1.21 135.83 NOTE
r-devel-windows-x86_64 0.1.21 10.00 98.00 108.00 NOTE
r-patched-linux-x86_64 0.1.21 4.46 102.95 107.41 NOTE
r-release-linux-x86_64 0.1.21 7.32 104.44 111.76 NOTE
r-release-macos-arm64 0.1.21 49.00 NOTE
r-release-macos-x86_64 0.1.21 76.00 NOTE
r-release-windows-x86_64 0.1.21 13.00 116.00 129.00 NOTE
r-oldrel-macos-arm64 0.1.21 29.00 NOTE
r-oldrel-windows-x86_64 0.1.21 14.00 113.00 127.00 NOTE

Check Details

Version: 0.1.21
Check: LazyData
Result: NOTE 'LazyData' is specified without a 'data' directory Flavors: r-devel-linux-x86_64-debian-clang, r-devel-linux-x86_64-debian-gcc, r-devel-linux-x86_64-fedora-clang, r-devel-linux-x86_64-fedora-gcc, r-devel-windows-x86_64, r-patched-linux-x86_64, r-release-linux-x86_64, r-release-macos-arm64, r-release-macos-x86_64, r-release-windows-x86_64, r-oldrel-macos-arm64, r-oldrel-windows-x86_64