Last updated on 2023-12-06 03:50:16 CET.
Flavor | Version | Tinstall | Tcheck | Ttotal | Status | Flags |
---|---|---|---|---|---|---|
r-devel-linux-x86_64-debian-clang | 5.2.1 | 26.82 | 89.61 | 116.43 | OK | |
r-devel-linux-x86_64-debian-gcc | 5.2.1 | 17.63 | 183.13 | 200.76 | OK | |
r-devel-linux-x86_64-fedora-gcc | 5.2.1 | 177.46 | OK | |||
r-devel-windows-x86_64 | 5.2.1 | 47.00 | 149.00 | 196.00 | NOTE | |
r-patched-linux-x86_64 | 5.2.1 | 24.19 | 88.21 | 112.40 | OK | |
r-release-linux-x86_64 | 5.2.1 | 24.78 | 105.44 | 130.22 | OK | |
r-release-macos-arm64 | 5.2.1 | 65.00 | NOTE | |||
r-release-macos-x86_64 | 5.2.1 | 169.00 | NOTE | |||
r-release-windows-x86_64 | 5.2.1 | 57.00 | 168.00 | 225.00 | NOTE | |
r-oldrel-macos-arm64 | 5.2.1 | 61.00 | NOTE | |||
r-oldrel-macos-x86_64 | 5.2.0 | 110.00 | NOTE | |||
r-oldrel-windows-x86_64 | 5.2.1 | 45.00 | 134.00 | 179.00 | NOTE |
Version: 5.2.1
Check: installed package size
Result: NOTE
installed size is 23.3Mb
sub-directories of 1Mb or more:
doc 1.1Mb
libs 8.1Mb
tessdata 14.0Mb
Flavors: r-devel-windows-x86_64, r-release-macos-arm64, r-release-macos-x86_64, r-release-windows-x86_64, r-oldrel-macos-arm64, r-oldrel-windows-x86_64
Version: 5.2.0
Check: installed package size
Result: NOTE
installed size is 23.1Mb
sub-directories of 1Mb or more:
doc 1.1Mb
libs 7.8Mb
tessdata 14.1Mb
Flavor: r-oldrel-macos-x86_64