CRAN Package Check Results for Package terrainr

Last updated on 2024-06-13 16:49:28 CEST.

Flavor Version Tinstall Tcheck Ttotal Status Flags
r-devel-linux-x86_64-debian-clang 0.7.5 6.31 65.95 72.26 OK
r-devel-linux-x86_64-debian-gcc 0.7.5 0.83 1.88 2.71 ERROR
r-devel-linux-x86_64-fedora-clang 0.7.5 91.24 OK
r-devel-linux-x86_64-fedora-gcc 0.7.5 97.17 OK
r-devel-windows-x86_64 0.7.5 7.00 74.00 81.00 OK
r-patched-linux-x86_64 0.7.5 13.95 64.16 78.11 OK
r-release-linux-x86_64 0.7.5 7.24 61.02 68.26 OK
r-release-macos-arm64 0.7.5 38.00 OK
r-release-macos-x86_64 0.7.5 56.00 OK
r-release-windows-x86_64 0.7.5 8.00 82.00 90.00 OK
r-oldrel-macos-arm64 0.7.5 99.00 OK
r-oldrel-macos-x86_64 0.7.5 77.00 OK
r-oldrel-windows-x86_64 0.7.5 9.00 80.00 89.00 OK

Check Details

Version: 0.7.5
Check: package dependencies
Result: ERROR Packages required but not available: 'ggplot2', 'magick' Packages suggested but not available for checking: 'progress', 'testthat' See section ‘The DESCRIPTION file’ in the ‘Writing R Extensions’ manual. Flavor: r-devel-linux-x86_64-debian-gcc