CRAN Package Check Results for Package tern

Last updated on 2024-03-05 04:57:53 CET.

Flavor Version Tinstall Tcheck Ttotal Status Flags
r-devel-linux-x86_64-debian-clang 0.9.3 36.46 629.49 665.95 OK
r-devel-linux-x86_64-debian-gcc 0.9.3 27.87 454.08 481.95 OK
r-devel-linux-x86_64-fedora-clang 0.9.3 787.02 NOTE
r-devel-linux-x86_64-fedora-gcc 0.9.3 768.60 OK
r-devel-windows-x86_64 0.9.3 29.00 471.00 500.00 NOTE
r-patched-linux-x86_64 0.9.3 42.19 606.83 649.02 OK
r-release-linux-x86_64 0.9.3 25.15 602.24 627.39 OK
r-release-macos-arm64 0.9.3 158.00 NOTE
r-release-macos-x86_64 0.9.3 269.00 NOTE
r-release-windows-x86_64 0.9.3 40.00 631.00 671.00 NOTE
r-oldrel-macos-arm64 0.9.3 151.00 NOTE
r-oldrel-windows-x86_64 0.9.3 42.00 562.00 604.00 NOTE

Check Details

Version: 0.9.3
Check: installed package size
Result: NOTE installed size is 8.5Mb sub-directories of 1Mb or more: doc 4.5Mb help 2.7Mb Flavors: r-devel-linux-x86_64-fedora-clang, r-devel-windows-x86_64, r-release-macos-arm64, r-release-macos-x86_64, r-release-windows-x86_64, r-oldrel-macos-arm64, r-oldrel-windows-x86_64