CRAN Package Check Results for Package tensr

Last updated on 2024-06-13 16:49:28 CEST.

Flavor Version Tinstall Tcheck Ttotal Status Flags
r-devel-linux-x86_64-debian-clang 1.0.1 3.25 235.34 238.59 NOTE
r-devel-linux-x86_64-debian-gcc 1.0.1 2.70 161.42 164.12 ERROR
r-devel-linux-x86_64-fedora-clang 1.0.1 281.65 NOTE
r-devel-linux-x86_64-fedora-gcc 1.0.1 282.96 NOTE
r-devel-windows-x86_64 1.0.1 4.00 188.00 192.00 NOTE
r-patched-linux-x86_64 1.0.1 3.77 210.96 214.73 NOTE
r-release-linux-x86_64 1.0.1 3.57 219.94 223.51 NOTE
r-release-macos-arm64 1.0.1 83.00 NOTE
r-release-macos-x86_64 1.0.1 133.00 NOTE
r-release-windows-x86_64 1.0.1 5.00 186.00 191.00 NOTE
r-oldrel-macos-arm64 1.0.1 97.00 NOTE
r-oldrel-macos-x86_64 1.0.1 162.00 NOTE
r-oldrel-windows-x86_64 1.0.1 4.00 208.00 212.00 NOTE

Check Details

Version: 1.0.1
Check: LazyData
Result: NOTE 'LazyData' is specified without a 'data' directory Flavors: r-devel-linux-x86_64-debian-clang, r-devel-linux-x86_64-debian-gcc, r-devel-linux-x86_64-fedora-clang, r-devel-linux-x86_64-fedora-gcc, r-devel-windows-x86_64, r-patched-linux-x86_64, r-release-linux-x86_64, r-release-macos-arm64, r-release-macos-x86_64, r-release-windows-x86_64, r-oldrel-macos-arm64, r-oldrel-macos-x86_64, r-oldrel-windows-x86_64

Version: 1.0.1
Check: package dependencies
Result: NOTE Package suggested but not available for checking: ‘testthat’ Flavor: r-devel-linux-x86_64-debian-gcc

Version: 1.0.1
Check: tests
Result: ERROR Running ‘testthat.R’ [0s/0s] Running the tests in ‘tests/testthat.R’ failed. Complete output: > library(testthat) Error in library(testthat) : there is no package called 'testthat' Execution halted Flavor: r-devel-linux-x86_64-debian-gcc