Last updated on 2023-09-25 05:01:39 CEST.
Flavor | Version | Tinstall | Tcheck | Ttotal | Status | Flags |
---|---|---|---|---|---|---|
r-devel-linux-x86_64-debian-clang | 1.0.1 | 4.32 | 224.31 | 228.63 | NOTE | |
r-devel-linux-x86_64-debian-gcc | 1.0.1 | 3.23 | 160.35 | 163.58 | NOTE | |
r-devel-linux-x86_64-fedora-clang | 1.0.1 | 274.58 | NOTE | |||
r-devel-linux-x86_64-fedora-gcc | 1.0.1 | 273.56 | NOTE | |||
r-devel-windows-x86_64 | 1.0.1 | 5.00 | 189.00 | 194.00 | NOTE | |
r-patched-linux-x86_64 | 1.0.1 | 5.70 | 211.18 | 216.88 | NOTE | |
r-release-linux-x86_64 | 1.0.1 | 4.38 | 212.26 | 216.64 | NOTE | |
r-release-macos-arm64 | 1.0.1 | 97.00 | NOTE | |||
r-release-macos-x86_64 | 1.0.1 | 162.00 | NOTE | |||
r-release-windows-x86_64 | 1.0.1 | 8.00 | 228.00 | 236.00 | NOTE | |
r-oldrel-macos-arm64 | 1.0.1 | 96.00 | NOTE | |||
r-oldrel-macos-x86_64 | 1.0.1 | 159.00 | NOTE | |||
r-oldrel-windows-x86_64 | 1.0.1 | 9.00 | 211.00 | 220.00 | NOTE |
Version: 1.0.1
Check: LazyData
Result: NOTE
'LazyData' is specified without a 'data' directory
Flavors: r-devel-linux-x86_64-debian-clang, r-devel-linux-x86_64-debian-gcc, r-devel-linux-x86_64-fedora-clang, r-devel-linux-x86_64-fedora-gcc, r-devel-windows-x86_64, r-patched-linux-x86_64, r-release-linux-x86_64, r-release-macos-arm64, r-release-macos-x86_64, r-release-windows-x86_64, r-oldrel-macos-arm64, r-oldrel-macos-x86_64, r-oldrel-windows-x86_64