Last updated on 2023-11-29 16:52:05 CET.
Flavor | Version | Tinstall | Tcheck | Ttotal | Status | Flags |
---|---|---|---|---|---|---|
r-devel-linux-x86_64-debian-clang | 0.1.1 | 51.45 | 146.48 | 197.93 | NOTE | |
r-devel-linux-x86_64-debian-gcc | 0.1.1 | 35.11 | 107.06 | 142.17 | NOTE | |
r-devel-linux-x86_64-fedora-clang | 0.1.1 | 255.75 | NOTE | |||
r-devel-linux-x86_64-fedora-gcc | 0.1.1 | 260.72 | NOTE | |||
r-devel-windows-x86_64 | 0.1.1 | 40.00 | 142.00 | 182.00 | NOTE | |
r-patched-linux-x86_64 | 0.1.1 | 34.69 | 136.58 | 171.27 | NOTE | |
r-release-linux-x86_64 | 0.1.1 | 30.44 | 134.94 | 165.38 | NOTE | |
r-release-macos-arm64 | 0.1.1 | 76.00 | NOTE | |||
r-release-macos-x86_64 | 0.1.1 | 124.00 | NOTE | |||
r-release-windows-x86_64 | 0.1.1 | 55.00 | 178.00 | 233.00 | NOTE | |
r-oldrel-macos-arm64 | 0.1.1 | 57.00 | NOTE | |||
r-oldrel-macos-x86_64 | 0.1.1 | 95.00 | NOTE | |||
r-oldrel-windows-x86_64 | 0.1.1 | 50.00 | 173.00 | 223.00 | NOTE |
Version: 0.1.1
Check: package dependencies
Result: NOTE
Package suggested but not available for checking: ‘rgdal’
Flavors: r-devel-linux-x86_64-debian-clang, r-devel-linux-x86_64-debian-gcc, r-devel-linux-x86_64-fedora-clang, r-devel-linux-x86_64-fedora-gcc, r-patched-linux-x86_64, r-release-linux-x86_64
Version: 0.1.1
Check: installed package size
Result: NOTE
installed size is 5.5Mb
sub-directories of 1Mb or more:
doc 3.7Mb
telemac 1.0Mb
Flavors: r-devel-linux-x86_64-fedora-clang, r-devel-windows-x86_64, r-release-macos-arm64, r-release-macos-x86_64, r-release-windows-x86_64, r-oldrel-macos-arm64, r-oldrel-macos-x86_64, r-oldrel-windows-x86_64
Version: 0.1.1
Check: Rd cross-references
Result: NOTE
Undeclared package ‘tibble’ in Rd xrefs
Flavor: r-devel-linux-x86_64-fedora-clang