CRAN Package Check Results for Package telefit

Last updated on 2024-02-29 15:54:01 CET.

Flavor Version Tinstall Tcheck Ttotal Status Flags
r-devel-linux-x86_64-debian-clang 1.0.3 285.35 397.09 682.44 NOTE
r-devel-linux-x86_64-debian-gcc 1.0.3 225.72 289.29 515.01 NOTE
r-devel-linux-x86_64-fedora-clang 1.0.3 899.97 NOTE
r-devel-linux-x86_64-fedora-gcc 1.0.3 884.16 NOTE
r-devel-windows-x86_64 1.0.3 207.00 277.00 484.00 NOTE
r-patched-linux-x86_64 1.0.3 282.61 379.91 662.52 NOTE
r-release-linux-x86_64 1.0.3 201.72 372.67 574.39 NOTE
r-release-macos-arm64 1.0.3 203.00 NOTE
r-release-macos-x86_64 1.0.3 354.00 NOTE
r-release-windows-x86_64 1.0.3 269.00 370.00 639.00 NOTE
r-oldrel-macos-arm64 1.0.3 168.00 NOTE
r-oldrel-windows-x86_64 1.0.3 272.00 348.00 620.00 OK

Check Details

Version: 1.0.3
Check: C++ specification
Result: NOTE Specified C++11: please drop specification unless essential Flavors: r-devel-linux-x86_64-debian-clang, r-devel-linux-x86_64-debian-gcc, r-devel-linux-x86_64-fedora-clang, r-devel-linux-x86_64-fedora-gcc, r-devel-windows-x86_64, r-patched-linux-x86_64, r-release-linux-x86_64, r-release-macos-arm64, r-release-macos-x86_64, r-release-windows-x86_64

Version: 1.0.3
Check: installed package size
Result: NOTE installed size is 18.7Mb sub-directories of 1Mb or more: data 2.4Mb libs 16.0Mb Flavors: r-release-macos-arm64, r-release-macos-x86_64, r-oldrel-macos-arm64