CRAN Package Check Results for Package teamcolors

Last updated on 2024-02-23 16:53:32 CET.

Flavor Version Tinstall Tcheck Ttotal Status Flags
r-devel-linux-x86_64-debian-clang 0.0.4 OK
r-devel-linux-x86_64-debian-gcc 0.0.4 4.78 39.59 44.37 OK
r-devel-linux-x86_64-fedora-clang 0.0.4 69.06 NOTE
r-devel-linux-x86_64-fedora-gcc 0.0.4 67.46 OK
r-devel-windows-x86_64 0.0.4 5.00 58.00 63.00 OK
r-patched-linux-x86_64 0.0.4 3.53 50.44 53.97 OK
r-release-linux-x86_64 0.0.4 3.53 49.91 53.44 OK
r-release-macos-arm64 0.0.4 26.00 OK
r-release-macos-x86_64 0.0.4 36.00 OK
r-release-windows-x86_64 0.0.4 7.00 66.00 73.00 OK
r-oldrel-macos-arm64 0.0.4 27.00 OK
r-oldrel-windows-x86_64 0.0.4 7.00 71.00 78.00 OK

Check Details

Version: 0.0.4
Check: Rd cross-references
Result: NOTE Undeclared package ‘scales’ in Rd xrefs Flavor: r-devel-linux-x86_64-fedora-clang