CRAN Package Check Results for Package teachingApps

Last updated on 2020-08-08 03:50:57 CEST.

Flavor Version Tinstall Tcheck Ttotal Status Flags
r-devel-linux-x86_64-debian-clang 1.0.8 253.22 90.38 343.60 OK
r-devel-linux-x86_64-debian-gcc 1.0.8 175.45 67.22 242.67 OK
r-devel-linux-x86_64-fedora-clang 1.0.8 472.37 NOTE
r-devel-linux-x86_64-fedora-gcc 1.0.8 388.39 OK
r-devel-windows-ix86+x86_64 1.0.8 485.00 206.00 691.00 NOTE
r-patched-linux-x86_64 1.0.8 179.58 87.15 266.73 OK
r-patched-solaris-x86 1.0.8 378.90 OK
r-release-linux-x86_64 1.0.8 182.95 88.32 271.27 OK
r-release-macos-x86_64 1.0.8 NOTE
r-release-windows-ix86+x86_64 1.0.8 641.00 149.00 790.00 NOTE
r-oldrel-macos-x86_64 1.0.8 NOTE
r-oldrel-windows-ix86+x86_64 1.0.8 441.00 142.00 583.00 NOTE

Check Details

Version: 1.0.8
Check: installed package size
Result: NOTE
     installed size is 16.4Mb
     sub-directories of 1Mb or more:
     apps 3.2Mb
     libs 11.2Mb
Flavors: r-devel-linux-x86_64-fedora-clang, r-devel-windows-ix86+x86_64, r-release-macos-x86_64, r-release-windows-ix86+x86_64, r-oldrel-macos-x86_64, r-oldrel-windows-ix86+x86_64