CRAN Package Check Results for Package tashu

Last updated on 2024-05-27 16:57:01 CEST.

Flavor Version Tinstall Tcheck Ttotal Status Flags
r-devel-linux-x86_64-debian-clang 0.1.1 7.87 68.14 76.01 NOTE
r-devel-linux-x86_64-debian-gcc 0.1.1 6.11 50.89 57.00 NOTE
r-devel-linux-x86_64-fedora-clang 0.1.1 98.55 NOTE
r-devel-linux-x86_64-fedora-gcc 0.1.1 103.54 NOTE
r-devel-windows-x86_64 0.1.1 8.00 69.00 77.00 NOTE
r-patched-linux-x86_64 0.1.1 7.05 64.19 71.24 NOTE
r-release-linux-x86_64 0.1.1 7.87 63.56 71.43 NOTE
r-release-macos-arm64 0.1.1 35.00 NOTE
r-release-windows-x86_64 0.1.1 7.00 70.00 77.00 NOTE
r-oldrel-macos-arm64 0.1.1 38.00 NOTE
r-oldrel-macos-x86_64 0.1.1 52.00 NOTE
r-oldrel-windows-x86_64 0.1.1 10.00 78.00 88.00 NOTE

Check Details

Version: 0.1.1
Check: package dependencies
Result: NOTE Package suggested but not available for checking: ‘tashudata’ Flavors: r-devel-linux-x86_64-debian-clang, r-devel-linux-x86_64-debian-gcc, r-devel-linux-x86_64-fedora-clang, r-devel-linux-x86_64-fedora-gcc, r-devel-windows-x86_64, r-patched-linux-x86_64, r-release-linux-x86_64, r-release-macos-arm64, r-release-windows-x86_64, r-oldrel-macos-arm64, r-oldrel-macos-x86_64, r-oldrel-windows-x86_64

Version: 0.1.1
Check: LazyData
Result: NOTE 'LazyData' is specified without a 'data' directory Flavors: r-devel-linux-x86_64-debian-clang, r-devel-linux-x86_64-debian-gcc, r-devel-linux-x86_64-fedora-clang, r-devel-linux-x86_64-fedora-gcc, r-devel-windows-x86_64, r-patched-linux-x86_64, r-release-linux-x86_64, r-release-macos-arm64, r-release-windows-x86_64, r-oldrel-macos-arm64, r-oldrel-macos-x86_64, r-oldrel-windows-x86_64

Version: 0.1.1
Check: dependencies in R code
Result: NOTE Namespaces in Imports field not imported from: ‘drat’ ‘plyr’ All declared Imports should be used. Flavors: r-devel-linux-x86_64-fedora-clang, r-devel-linux-x86_64-fedora-gcc