CRAN Package Check Results for Package tashu

Last updated on 2020-08-13 03:48:28 CEST.

Flavor Version Tinstall Tcheck Ttotal Status Flags
r-devel-linux-x86_64-debian-clang 0.1.0 6.29 48.84 55.13 NOTE
r-devel-linux-x86_64-debian-gcc 0.1.0 4.98 36.62 41.60 NOTE
r-devel-linux-x86_64-fedora-clang 0.1.0 73.71 NOTE
r-devel-linux-x86_64-fedora-gcc 0.1.0 62.77 NOTE
r-devel-windows-ix86+x86_64 0.1.0 20.00 88.00 108.00 NOTE
r-patched-linux-x86_64 0.1.0 6.03 46.76 52.79 NOTE
r-patched-solaris-x86 0.1.0 93.30 NOTE
r-release-linux-x86_64 0.1.0 5.88 46.42 52.30 NOTE
r-release-macos-x86_64 0.1.0 NOTE
r-release-windows-ix86+x86_64 0.1.0 24.00 64.00 88.00 NOTE
r-oldrel-macos-x86_64 0.1.0 NOTE
r-oldrel-windows-ix86+x86_64 0.1.0 12.00 65.00 77.00 NOTE

Check Details

Version: 0.1.0
Check: package dependencies
Result: NOTE
    Package suggested but not available for checking: 'tashudata'
Flavors: r-devel-linux-x86_64-debian-clang, r-devel-linux-x86_64-debian-gcc, r-devel-linux-x86_64-fedora-clang, r-devel-linux-x86_64-fedora-gcc, r-devel-windows-ix86+x86_64, r-patched-linux-x86_64, r-patched-solaris-x86, r-release-linux-x86_64, r-release-macos-x86_64, r-release-windows-ix86+x86_64, r-oldrel-macos-x86_64, r-oldrel-windows-ix86+x86_64

Version: 0.1.0
Check: dependencies in R code
Result: NOTE
    Namespaces in Imports field not imported from:
     ‘drat’ ‘plyr’
     All declared Imports should be used.
Flavors: r-devel-linux-x86_64-fedora-clang, r-devel-linux-x86_64-fedora-gcc, r-patched-solaris-x86, r-release-macos-x86_64, r-oldrel-macos-x86_64