CRAN Package Check Results for Package tarchetypes

Last updated on 2024-06-14 05:00:38 CEST.

Flavor Version Tinstall Tcheck Ttotal Status Flags
r-devel-linux-x86_64-debian-clang 0.9.0 12.91 192.28 205.19 OK
r-devel-linux-x86_64-debian-gcc 0.9.0 0.62 1.70 2.32 ERROR
r-devel-linux-x86_64-fedora-clang 0.9.0 259.02 OK
r-devel-linux-x86_64-fedora-gcc 0.9.0 247.29 OK
r-devel-windows-x86_64 0.9.0 11.00 215.00 226.00 OK
r-patched-linux-x86_64 0.9.0 21.05 181.15 202.20 OK
r-release-linux-x86_64 0.9.0 10.04 181.90 191.94 OK
r-release-macos-arm64 0.9.0 85.00 OK
r-release-macos-x86_64 0.9.0 120.00 OK
r-release-windows-x86_64 0.9.0 13.00 236.00 249.00 OK
r-oldrel-macos-arm64 0.9.0 78.00 OK
r-oldrel-macos-x86_64 0.9.0 163.00 OK
r-oldrel-windows-x86_64 0.9.0 15.00 261.00 276.00 OK

Check Details

Version: 0.9.0
Check: package dependencies
Result: ERROR Packages required but not available: 'dplyr', 'targets', 'tibble', 'tidyselect', 'vctrs' Package suggested but not available for checking: ‘testthat’ See section ‘The DESCRIPTION file’ in the ‘Writing R Extensions’ manual. Flavor: r-devel-linux-x86_64-debian-gcc