CRAN Package Check Results for Package systemfit

Last updated on 2020-10-26 03:48:37 CET.

Flavor Version Tinstall Tcheck Ttotal Status Flags
r-devel-linux-x86_64-debian-clang 1.1-24 14.40 221.12 235.52 OK
r-devel-linux-x86_64-debian-gcc 1.1-24 10.83 162.97 173.80 OK
r-devel-linux-x86_64-fedora-clang 1.1-24 282.85 NOTE
r-devel-linux-x86_64-fedora-gcc 1.1-24 277.96 OK
r-devel-windows-ix86+x86_64 1.1-24 29.00 262.00 291.00 OK
r-patched-linux-x86_64 1.1-24 14.17 203.80 217.97 OK
r-patched-solaris-x86 1.1-24 382.90 OK
r-release-linux-x86_64 1.1-24 13.32 202.81 216.13 OK
r-release-macos-x86_64 1.1-24 OK
r-release-windows-ix86+x86_64 1.1-24 21.00 202.00 223.00 OK
r-oldrel-macos-x86_64 1.1-24 OK
r-oldrel-windows-ix86+x86_64 1.1-24 25.00 257.00 282.00 OK

Check Details

Version: 1.1-24
Check: Rd cross-references
Result: NOTE
    Undeclared package ‘Ecdat’ in Rd xrefs
Flavor: r-devel-linux-x86_64-fedora-clang