CRAN Package Check Results for Package sysfonts

Last updated on 2024-02-28 16:50:50 CET.

Flavor Version Tinstall Tcheck Ttotal Status Flags
r-devel-linux-x86_64-debian-clang 0.8.8 5.15 25.09 30.24 OK
r-devel-linux-x86_64-debian-gcc 0.8.8 3.50 19.58 23.08 OK
r-devel-linux-x86_64-fedora-clang 0.8.8 38.39 OK
r-devel-linux-x86_64-fedora-gcc 0.8.8 37.01 OK
r-devel-windows-x86_64 0.8.8 15.00 55.00 70.00 OK
r-patched-linux-x86_64 0.8.8 4.84 25.28 30.12 OK
r-release-linux-x86_64 0.8.8 4.72 25.11 29.83 OK
r-release-macos-arm64 0.8.8 28.00 NOTE
r-release-macos-x86_64 0.8.8 33.00 NOTE
r-release-windows-x86_64 0.8.8 17.00 59.00 76.00 OK
r-oldrel-macos-arm64 0.8.8 22.00 NOTE
r-oldrel-windows-x86_64 0.8.8 8.00 53.00 61.00 OK

Check Details

Version: 0.8.8
Check: installed package size
Result: NOTE installed size is 19.5Mb sub-directories of 1Mb or more: fonts 1.7Mb libs 17.6Mb Flavors: r-release-macos-arm64, r-release-macos-x86_64, r-oldrel-macos-arm64