Last updated on 2023-11-28 16:48:36 CET.
Flavor | Version | Tinstall | Tcheck | Ttotal | Status | Flags |
---|---|---|---|---|---|---|
r-devel-linux-x86_64-debian-clang | 0.1.1 | 59.30 | 129.40 | 188.70 | NOTE | |
r-devel-linux-x86_64-debian-gcc | 0.1.1 | 46.06 | 94.08 | 140.14 | NOTE | |
r-devel-linux-x86_64-fedora-clang | 0.1.1 | 255.66 | NOTE | |||
r-devel-linux-x86_64-fedora-gcc | 0.1.1 | 202.45 | NOTE | |||
r-devel-windows-x86_64 | 0.1.1 | 50.00 | 136.00 | 186.00 | NOTE | |
r-patched-linux-x86_64 | 0.1.1 | 48.18 | 122.24 | 170.42 | NOTE | |
r-release-linux-x86_64 | 0.1.1 | 39.44 | 122.97 | 162.41 | NOTE | |
r-release-macos-arm64 | 0.1.1 | 77.00 | NOTE | |||
r-release-macos-x86_64 | 0.1.1 | 129.00 | NOTE | |||
r-release-windows-x86_64 | 0.1.1 | 65.00 | 153.00 | 218.00 | NOTE | |
r-oldrel-macos-arm64 | 0.1.1 | 66.00 | OK | |||
r-oldrel-macos-x86_64 | 0.1.1 | 92.00 | OK | |||
r-oldrel-windows-x86_64 | 0.1.1 | 61.00 | 150.00 | 211.00 | OK |
Version: 0.1.1
Check: C++ specification
Result: NOTE
Specified C++11: please drop specification unless essential
Flavors: r-devel-linux-x86_64-debian-clang, r-devel-linux-x86_64-debian-gcc, r-devel-linux-x86_64-fedora-clang, r-devel-linux-x86_64-fedora-gcc, r-devel-windows-x86_64, r-patched-linux-x86_64, r-release-linux-x86_64, r-release-macos-arm64, r-release-macos-x86_64, r-release-windows-x86_64