CRAN Package Check Results for Package sylly.en

Last updated on 2024-07-16 16:53:02 CEST.

Flavor Version Tinstall Tcheck Ttotal Status Flags
r-devel-linux-x86_64-debian-clang 0.1-3 1.60 30.49 32.09 NOTE
r-devel-linux-x86_64-debian-gcc 0.1-3 2.16 23.34 25.50 NOTE
r-devel-linux-x86_64-fedora-clang 0.1-3 41.35 NOTE
r-devel-linux-x86_64-fedora-gcc 0.1-3 38.77 NOTE
r-devel-windows-x86_64 0.1-3 3.00 46.00 49.00 NOTE
r-patched-linux-x86_64 0.1-3 2.60 29.62 32.22 NOTE
r-release-linux-x86_64 0.1-3 1.80 29.82 31.62 NOTE
r-release-macos-arm64 0.1-3 17.00 NOTE
r-release-macos-x86_64 0.1-3 26.00 NOTE
r-release-windows-x86_64 0.1-3 3.00 46.00 49.00 NOTE
r-oldrel-macos-arm64 0.1-3 19.00 OK
r-oldrel-macos-x86_64 0.1-3 24.00 OK
r-oldrel-windows-x86_64 0.1-3 4.00 49.00 53.00 OK

Check Details

Version: 0.1-3
Check: Rd files
Result: NOTE checkRd: (-1) hyph.support.en.Rd:19: Lost braces in \itemize; meant \describe ? checkRd: (-1) hyph.support.en.Rd:20: Lost braces in \itemize; meant \describe ? Flavors: r-devel-linux-x86_64-debian-clang, r-devel-linux-x86_64-debian-gcc, r-devel-linux-x86_64-fedora-clang, r-devel-linux-x86_64-fedora-gcc, r-devel-windows-x86_64, r-patched-linux-x86_64, r-release-linux-x86_64, r-release-macos-arm64, r-release-macos-x86_64, r-release-windows-x86_64