CRAN Package Check Results for Package sybilccFBA

Last updated on 2020-08-06 15:49:49 CEST.

Flavor Version Tinstall Tcheck Ttotal Status Flags
r-devel-linux-x86_64-debian-clang 3.0.1 18.22 92.50 110.72 OK
r-devel-linux-x86_64-debian-gcc 3.0.1 14.03 70.14 84.17 OK
r-devel-linux-x86_64-fedora-clang 3.0.1 137.92 NOTE
r-devel-linux-x86_64-fedora-gcc 3.0.1 128.30 NOTE
r-devel-windows-ix86+x86_64 3.0.1 34.00 99.00 133.00 NOTE
r-patched-linux-x86_64 3.0.1 15.58 89.93 105.51 OK
r-patched-solaris-x86 3.0.1 182.50 NOTE
r-release-linux-x86_64 3.0.1 15.49 89.85 105.34 OK
r-release-macos-x86_64 3.0.1 NOTE
r-release-windows-ix86+x86_64 3.0.1 33.00 127.00 160.00 NOTE
r-oldrel-macos-x86_64 3.0.1 NOTE
r-oldrel-windows-ix86+x86_64 3.0.1 22.00 116.00 138.00 NOTE

Check Details

Version: 3.0.1
Check: package dependencies
Result: NOTE
    Package suggested but not available for checking: ‘cplexAPI’
Flavors: r-devel-linux-x86_64-fedora-clang, r-devel-linux-x86_64-fedora-gcc, r-devel-windows-ix86+x86_64, r-patched-solaris-x86, r-release-macos-x86_64, r-release-windows-ix86+x86_64, r-oldrel-macos-x86_64, r-oldrel-windows-ix86+x86_64

Version: 3.0.1
Check: installed package size
Result: NOTE
     installed size is 5.2Mb
     sub-directories of 1Mb or more:
     extdata 4.2Mb
Flavors: r-devel-linux-x86_64-fedora-clang, r-devel-windows-ix86+x86_64, r-patched-solaris-x86, r-release-macos-x86_64, r-release-windows-ix86+x86_64, r-oldrel-macos-x86_64, r-oldrel-windows-ix86+x86_64

Version: 3.0.1
Check: data for non-ASCII characters
Result: NOTE
     Note: found 1 marked UTF-8 string
Flavors: r-devel-linux-x86_64-fedora-clang, r-devel-linux-x86_64-fedora-gcc, r-patched-solaris-x86, r-release-macos-x86_64, r-oldrel-macos-x86_64