CRAN Package Check Results for Package sybilSBML

Last updated on 2020-08-06 15:49:49 CEST.

Flavor Version Tinstall Tcheck Ttotal Status Flags
r-devel-linux-x86_64-debian-clang 3.1.2 20.97 94.06 115.03 OK
r-devel-linux-x86_64-debian-gcc 3.1.2 16.89 72.09 88.98 OK
r-devel-linux-x86_64-fedora-clang 3.1.2 148.01 OK
r-devel-linux-x86_64-fedora-gcc 3.1.2 138.90 OK
r-devel-windows-ix86+x86_64 3.1.2 45.00 206.00 251.00 NOTE
r-patched-linux-x86_64 3.1.2 19.18 92.34 111.52 OK
r-release-linux-x86_64 3.1.2 21.33 92.13 113.46 OK
r-release-macos-x86_64 3.1.2 ERROR
r-release-windows-ix86+x86_64 3.1.2 44.00 256.00 300.00 NOTE
r-oldrel-macos-x86_64 3.1.2 ERROR
r-oldrel-windows-ix86+x86_64 3.1.2 31.00 254.00 285.00 NOTE

Check Details

Version: 3.1.2
Check: installed package size
Result: NOTE
     installed size is 13.2Mb
     sub-directories of 1Mb or more:
     libs 12.4Mb
Flavors: r-devel-windows-ix86+x86_64, r-release-windows-ix86+x86_64, r-oldrel-windows-ix86+x86_64

Version: 3.1.2
Check: whether package can be installed
Result: ERROR
    Installation failed.
Flavors: r-release-macos-x86_64, r-oldrel-macos-x86_64