CRAN Package Check Results for Package swfscMisc

Last updated on 2020-08-07 15:48:59 CEST.

Flavor Version Tinstall Tcheck Ttotal Status Flags
r-devel-linux-x86_64-debian-clang 1.3 9.10 84.12 93.22 OK
r-devel-linux-x86_64-debian-gcc 1.3 8.26 63.45 71.71 OK
r-devel-linux-x86_64-fedora-clang 1.3 118.07 NOTE
r-devel-linux-x86_64-fedora-gcc 1.3 109.45 NOTE
r-devel-windows-ix86+x86_64 1.3 29.00 123.00 152.00 OK
r-patched-linux-x86_64 1.3 10.42 81.57 91.99 OK
r-patched-solaris-x86 1.3 161.30 NOTE
r-release-linux-x86_64 1.3 10.30 81.89 92.19 OK
r-release-macos-x86_64 1.3 NOTE
r-release-windows-ix86+x86_64 1.3 32.00 94.00 126.00 OK
r-oldrel-macos-x86_64 1.3 NOTE
r-oldrel-windows-ix86+x86_64 1.3 18.00 102.00 120.00 OK

Check Details

Version: 1.3
Check: dependencies in R code
Result: NOTE
    Namespace in Imports field not imported from: ‘reshape2’
     All declared Imports should be used.
Flavors: r-devel-linux-x86_64-fedora-clang, r-devel-linux-x86_64-fedora-gcc, r-patched-solaris-x86, r-release-macos-x86_64, r-oldrel-macos-x86_64