CRAN Package Check Results for Package sweep

Last updated on 2024-02-28 16:50:50 CET.

Flavor Version Tinstall Tcheck Ttotal Status Flags
r-devel-linux-x86_64-debian-clang 0.2.5 18.62 268.64 287.26 OK
r-devel-linux-x86_64-debian-gcc 0.2.5 13.71 191.92 205.63 OK
r-devel-linux-x86_64-fedora-clang 0.2.5 346.63 NOTE
r-devel-linux-x86_64-fedora-gcc 0.2.5 350.34 NOTE
r-devel-windows-x86_64 0.2.5 16.00 207.00 223.00 OK
r-patched-linux-x86_64 0.2.5 25.79 262.69 288.48 OK
r-release-linux-x86_64 0.2.5 14.65 259.05 273.70 OK
r-release-macos-arm64 0.2.5 93.00 OK
r-release-macos-x86_64 0.2.5 250.00 OK
r-release-windows-x86_64 0.2.5 23.00 255.00 278.00 OK
r-oldrel-macos-arm64 0.2.5 98.00 OK
r-oldrel-windows-x86_64 0.2.5 24.00 254.00 278.00 OK

Additional issues

noSuggests

Check Details

Version: 0.2.5
Check: dependencies in R code
Result: NOTE Namespaces in Imports field not imported from: ‘lubridate’ ‘tidyquant’ ‘tidyr’ ‘tidyverse’ All declared Imports should be used. Flavors: r-devel-linux-x86_64-fedora-clang, r-devel-linux-x86_64-fedora-gcc