CRAN Package Check Results for Package sweep

Last updated on 2020-08-10 06:47:45 CEST.

Flavor Version Tinstall Tcheck Ttotal Status Flags
r-devel-linux-x86_64-debian-clang 0.2.3 14.79 216.60 231.39 OK
r-devel-linux-x86_64-debian-gcc 0.2.3 11.45 158.78 170.23 OK
r-devel-linux-x86_64-fedora-clang 0.2.3 280.05 NOTE
r-devel-linux-x86_64-fedora-gcc 0.2.3 271.02 NOTE
r-devel-windows-ix86+x86_64 0.2.3 47.00 300.00 347.00 OK
r-patched-linux-x86_64 0.2.3 9.23 206.94 216.17 OK
r-patched-solaris-x86 0.2.3 363.60 NOTE
r-release-linux-x86_64 0.2.3 12.37 209.46 221.83 OK
r-release-macos-x86_64 0.2.3 NOTE
r-release-windows-ix86+x86_64 0.2.3 39.00 292.00 331.00 OK
r-oldrel-macos-x86_64 0.2.3 NOTE
r-oldrel-windows-ix86+x86_64 0.2.3 25.00 238.00 263.00 OK

Check Details

Version: 0.2.3
Check: dependencies in R code
Result: NOTE
    Namespaces in Imports field not imported from:
     ‘lubridate’ ‘tidyr’
     All declared Imports should be used.
Flavors: r-devel-linux-x86_64-fedora-clang, r-devel-linux-x86_64-fedora-gcc, r-patched-solaris-x86, r-release-macos-x86_64, r-oldrel-macos-x86_64