CRAN Package Check Results for Package svd

Last updated on 2024-06-13 16:49:28 CEST.

Flavor Version Tinstall Tcheck Ttotal Status Flags
r-devel-linux-x86_64-debian-clang 0.5.5 16.53 27.87 44.40 OK
r-devel-linux-x86_64-debian-gcc 0.5.5 12.52 21.57 34.09 NOTE
r-devel-linux-x86_64-fedora-clang 0.5.5 53.86 OK
r-devel-linux-x86_64-fedora-gcc 0.5.5 56.87 OK
r-devel-windows-x86_64 0.5.5 21.00 54.00 75.00 OK
r-patched-linux-x86_64 0.5.5 14.46 27.67 42.13 OK
r-release-linux-x86_64 0.5.5 14.13 26.45 40.58 OK
r-release-macos-arm64 0.5.5 24.00 OK
r-release-macos-x86_64 0.5.5 34.00 OK
r-release-windows-x86_64 0.5.5 21.00 57.00 78.00 OK
r-oldrel-macos-arm64 0.5.5 27.00 OK
r-oldrel-macos-x86_64 0.5.5 55.00 OK
r-oldrel-windows-x86_64 0.5.5 19.00 63.00 82.00 OK

Check Details

Version: 0.5.5
Check: package dependencies
Result: NOTE Package suggested but not available for checking: ‘testthat’ Flavor: r-devel-linux-x86_64-debian-gcc