CRAN Package Check Results for Package svars

Last updated on 2020-08-10 06:47:45 CEST.

Flavor Version Tinstall Tcheck Ttotal Status Flags
r-devel-linux-x86_64-debian-clang 1.3.3 123.26 195.97 319.23 OK
r-devel-linux-x86_64-debian-gcc 1.3.3 97.01 141.01 238.02 OK
r-devel-linux-x86_64-fedora-clang 1.3.3 415.41 NOTE
r-devel-linux-x86_64-fedora-gcc 1.3.3 392.09 OK
r-devel-windows-ix86+x86_64 1.3.3 291.00 379.00 670.00 OK
r-patched-linux-x86_64 1.3.3 102.03 187.68 289.71 OK
r-patched-solaris-x86 1.3.3 424.30 OK
r-release-linux-x86_64 1.3.3 103.33 186.77 290.10 OK
r-release-macos-x86_64 1.3.3 NOTE
r-release-windows-ix86+x86_64 1.3.3 307.00 291.00 598.00 OK
r-oldrel-macos-x86_64 1.3.3 NOTE
r-oldrel-windows-ix86+x86_64 1.3.3 213.00 304.00 517.00 OK

Check Details

Version: 1.3.3
Check: installed package size
Result: NOTE
     installed size is 9.1Mb
     sub-directories of 1Mb or more:
     help 1.1Mb
     libs 7.3Mb
Flavors: r-devel-linux-x86_64-fedora-clang, r-release-macos-x86_64, r-oldrel-macos-x86_64