CRAN Package Check Results for Package survivoR

Last updated on 2024-03-01 16:49:34 CET.

Flavor Version Tinstall Tcheck Ttotal Status Flags
r-devel-linux-x86_64-debian-clang 2.3.1 11.84 91.05 102.89 OK
r-devel-linux-x86_64-debian-gcc 2.3.1 9.75 69.50 79.25 OK
r-devel-linux-x86_64-fedora-clang 2.3.1 131.14 NOTE
r-devel-linux-x86_64-fedora-gcc 2.3.1 124.18 NOTE
r-devel-windows-x86_64 2.3.1 11.00 88.00 99.00 OK
r-patched-linux-x86_64 2.3.1 10.95 89.55 100.50 OK
r-release-linux-x86_64 2.3.1 7.61 88.32 95.93 OK
r-release-macos-arm64 2.3.1 39.00 OK
r-release-macos-x86_64 2.3.1 84.00 OK
r-release-windows-x86_64 2.3.1 16.00 105.00 121.00 OK
r-oldrel-macos-arm64 2.3.1 44.00 OK
r-oldrel-windows-x86_64 2.3.1 15.00 106.00 121.00 OK

Check Details

Version: 2.3.1
Check: data for non-ASCII characters
Result: NOTE Note: found 176 marked UTF-8 strings Flavors: r-devel-linux-x86_64-fedora-clang, r-devel-linux-x86_64-fedora-gcc