CRAN Package Check Results for Package survivalmodels

Last updated on 2024-02-22 16:49:30 CET.

Flavor Version Tinstall Tcheck Ttotal Status Flags
r-devel-linux-x86_64-debian-clang 0.1.13 NOTE
r-devel-linux-x86_64-debian-gcc 0.1.13 17.09 41.43 58.52 NOTE
r-devel-linux-x86_64-fedora-clang 0.1.13 100.97 NOTE
r-devel-linux-x86_64-fedora-gcc 0.1.13 96.65 NOTE
r-devel-windows-x86_64 0.1.13 17.00 101.00 118.00 NOTE
r-patched-linux-x86_64 0.1.13 18.69 53.57 72.26 NOTE
r-release-linux-x86_64 0.1.13 19.15 52.93 72.08 NOTE
r-release-macos-arm64 0.1.13 32.00 NOTE
r-release-macos-x86_64 0.1.13 45.00 NOTE
r-release-windows-x86_64 0.1.13 18.00 104.00 122.00 NOTE
r-oldrel-macos-arm64 0.1.13 37.00 OK
r-oldrel-windows-x86_64 0.1.13 23.00 107.00 130.00 NOTE

Additional issues

donttest

Check Details

Version: 0.1.13
Check: package dependencies
Result: NOTE Package suggested but not available for checking: ‘distr6’ Flavors: r-devel-linux-x86_64-debian-clang, r-devel-linux-x86_64-debian-gcc, r-devel-linux-x86_64-fedora-clang, r-devel-linux-x86_64-fedora-gcc, r-devel-windows-x86_64, r-patched-linux-x86_64, r-release-linux-x86_64, r-release-macos-arm64, r-release-macos-x86_64, r-release-windows-x86_64, r-oldrel-windows-x86_64

Version: 0.1.13
Check: Rd files
Result: NOTE checkRd: (-1) set_seed.Rd:19: Lost braces; missing escapes or markup? 19 | using \link{set.seed} as usual but also in {numpy} and {torch} via {reticulate}. | ^ checkRd: (-1) set_seed.Rd:19: Lost braces; missing escapes or markup? 19 | using \link{set.seed} as usual but also in {numpy} and {torch} via {reticulate}. | ^ checkRd: (-1) set_seed.Rd:19: Lost braces; missing escapes or markup? 19 | using \link{set.seed} as usual but also in {numpy} and {torch} via {reticulate}. | ^ Flavors: r-devel-linux-x86_64-debian-clang, r-devel-linux-x86_64-debian-gcc

Version: 0.1.13
Check: Rd cross-references
Result: NOTE Unknown package ‘distr6’ in Rd xrefs Flavors: r-devel-linux-x86_64-debian-clang, r-devel-linux-x86_64-debian-gcc, r-devel-linux-x86_64-fedora-clang, r-devel-linux-x86_64-fedora-gcc, r-devel-windows-x86_64, r-patched-linux-x86_64, r-release-linux-x86_64, r-release-macos-arm64, r-release-macos-x86_64, r-release-windows-x86_64, r-oldrel-windows-x86_64