CRAN Package Check Results for Package survivalROC

Last updated on 2024-03-02 04:48:36 CET.

Flavor Version Tinstall Tcheck Ttotal Status Flags
r-devel-linux-x86_64-debian-clang 1.0.3.1 2.57 23.16 25.73 OK
r-devel-linux-x86_64-debian-gcc 1.0.3.1 2.13 17.99 20.12 OK
r-devel-linux-x86_64-fedora-clang 1.0.3.1 31.90 NOTE
r-devel-linux-x86_64-fedora-gcc 1.0.3.1 31.13 NOTE
r-devel-windows-x86_64 1.0.3.1 5.00 39.00 44.00 OK
r-patched-linux-x86_64 1.0.3.1 3.07 22.47 25.54 OK
r-release-linux-x86_64 1.0.3.1 2.64 23.05 25.69 OK
r-release-macos-arm64 1.0.3.1 16.00 OK
r-release-macos-x86_64 1.0.3.1 20.00 OK
r-release-windows-x86_64 1.0.3.1 6.00 39.00 45.00 OK
r-oldrel-macos-arm64 1.0.3.1 18.00 OK
r-oldrel-windows-x86_64 1.0.3.1 19.00 46.00 65.00 OK

Check Details

Version: 1.0.3.1
Check: compiled code
Result: NOTE File ‘survivalROC/libs/survivalROC.so’: Found no calls to: ‘R_registerRoutines’, ‘R_useDynamicSymbols’ It is good practice to register native routines and to disable symbol search. See ‘Writing portable packages’ in the ‘Writing R Extensions’ manual. Flavors: r-devel-linux-x86_64-fedora-clang, r-devel-linux-x86_64-fedora-gcc