CRAN Package Check Results for Package survival

Last updated on 2020-07-14 16:48:13 CEST.

Flavor Version Tinstall Tcheck Ttotal Status Flags
r-devel-linux-x86_64-debian-clang 3.2-3 56.81 567.33 624.14 OK
r-devel-linux-x86_64-debian-gcc 3.2-3 41.12 432.59 473.71 OK
r-devel-linux-x86_64-fedora-clang 3.2-3 762.03 NOTE
r-devel-linux-x86_64-fedora-gcc 3.2-3 798.03 OK
r-devel-windows-ix86+x86_64 3.2-3 147.00 859.00 1006.00 NOTE
r-patched-linux-x86_64 3.2-3 51.63 551.92 603.55 OK
r-patched-solaris-x86 3.2-3 NOTE
r-release-linux-x86_64 3.2-3 52.14 554.34 606.48 OK
r-release-macos-x86_64 3.2-3 ERROR
r-release-windows-ix86+x86_64 3.2-3 143.00 851.00 994.00 NOTE
r-oldrel-macos-x86_64 3.2-3 NOTE
r-oldrel-windows-ix86+x86_64 3.2-3 140.00 1062.00 1202.00 NOTE

Check Details

Version: 3.2-3
Check: installed package size
Result: NOTE
     installed size is 9.0Mb
     sub-directories of 1Mb or more:
     R 1.1Mb
     data 3.2Mb
     doc 3.4Mb
Flavors: r-devel-linux-x86_64-fedora-clang, r-devel-windows-ix86+x86_64, r-patched-solaris-x86, r-release-windows-ix86+x86_64, r-oldrel-macos-x86_64, r-oldrel-windows-ix86+x86_64

Version: 3.2-3
Check: whether package can be installed
Result: ERROR
    Installation failed.
Flavor: r-release-macos-x86_64