CRAN Package Check Results for Package surveillance

Last updated on 2020-08-06 04:48:22 CEST.

Flavor Version Tinstall Tcheck Ttotal Status Flags
r-devel-linux-x86_64-debian-clang 1.18.0 74.53 547.92 622.45 NOTE
r-devel-linux-x86_64-debian-gcc 1.18.0 58.33 400.51 458.84 NOTE
r-devel-linux-x86_64-fedora-clang 1.18.0 750.63 NOTE
r-devel-linux-x86_64-fedora-gcc 1.18.0 735.08 OK
r-devel-windows-ix86+x86_64 1.18.0 162.00 772.00 934.00 NOTE --no-vignettes
r-patched-linux-x86_64 1.18.0 67.92 526.76 594.68 NOTE
r-patched-solaris-x86 1.18.0 905.50 NOTE
r-release-linux-x86_64 1.18.0 61.79 533.60 595.39 NOTE
r-release-macos-x86_64 1.18.0 NOTE
r-release-windows-ix86+x86_64 1.18.0 169.00 808.00 977.00 NOTE --no-vignettes
r-oldrel-macos-x86_64 1.18.0 NOTE
r-oldrel-windows-ix86+x86_64 1.18.0 118.00 750.00 868.00 NOTE --no-vignettes

Check Details

Version: 1.18.0
Check: package dependencies
Result: NOTE
    Package suggested but not available for checking: 'INLA'
Flavors: r-devel-linux-x86_64-debian-clang, r-devel-linux-x86_64-debian-gcc, r-patched-linux-x86_64, r-patched-solaris-x86, r-release-linux-x86_64, r-release-macos-x86_64, r-oldrel-macos-x86_64

Version: 1.18.0
Check: installed package size
Result: NOTE
     installed size is 8.5Mb
     sub-directories of 1Mb or more:
     R 1.7Mb
     doc 2.2Mb
     libs 2.1Mb
Flavors: r-devel-linux-x86_64-fedora-clang, r-patched-solaris-x86, r-release-macos-x86_64, r-oldrel-macos-x86_64

Version: 1.18.0
Check: Rd cross-references
Result: NOTE
    Undeclared packages ‘RColorBrewer’, ‘scoringRules’, ‘coin’, ‘gtable’ in Rd xrefs
Flavor: r-devel-linux-x86_64-fedora-clang

Version: 1.18.0
Flags: --no-vignettes
Check: installed package size
Result: NOTE
     installed size is 8.6Mb
     sub-directories of 1Mb or more:
     R 1.7Mb
     doc 2.2Mb
     libs 2.2Mb
Flavors: r-devel-windows-ix86+x86_64, r-release-windows-ix86+x86_64, r-oldrel-windows-ix86+x86_64