CRAN Package Check Results for Package survMisc

Last updated on 2024-02-29 15:54:01 CET.

Flavor Version Tinstall Tcheck Ttotal Status Flags
r-devel-linux-x86_64-debian-clang 0.5.6 12.14 133.02 145.16 NOTE
r-devel-linux-x86_64-debian-gcc 0.5.6 10.82 100.55 111.37 NOTE
r-devel-linux-x86_64-fedora-clang 0.5.6 184.17 NOTE
r-devel-linux-x86_64-fedora-gcc 0.5.6 183.81 NOTE
r-devel-windows-x86_64 0.5.6 13.00 126.00 139.00 OK
r-patched-linux-x86_64 0.5.6 11.87 131.53 143.40 OK
r-release-linux-x86_64 0.5.6 12.20 130.93 143.13 OK
r-release-macos-arm64 0.5.6 58.00 OK
r-release-macos-x86_64 0.5.6 96.00 OK
r-release-windows-x86_64 0.5.6 16.00 146.00 162.00 OK
r-oldrel-macos-arm64 0.5.6 47.00 OK
r-oldrel-windows-x86_64 0.5.6 17.00 145.00 162.00 OK

Check Details

Version: 0.5.6
Check: Rd files
Result: NOTE checkRd: (-1) sf.Rd:66: Lost braces; missing escapes or markup? 66 | A {data.table} which is stored as an attribute of | ^ Flavors: r-devel-linux-x86_64-debian-clang, r-devel-linux-x86_64-debian-gcc, r-devel-linux-x86_64-fedora-clang, r-devel-linux-x86_64-fedora-gcc