CRAN Package Check Results for Package survML

Last updated on 2024-02-24 04:58:58 CET.

Flavor Version Tinstall Tcheck Ttotal Status Flags
r-devel-linux-x86_64-debian-clang 1.0.0 3.01 94.96 97.97 NOTE
r-devel-linux-x86_64-debian-gcc 1.0.0 2.95 71.44 74.39 NOTE
r-devel-linux-x86_64-fedora-clang 1.0.0 117.37 NOTE
r-devel-linux-x86_64-fedora-gcc 1.0.0 129.76 NOTE
r-devel-windows-x86_64 1.0.0 4.00 105.00 109.00 OK
r-patched-linux-x86_64 1.0.0 3.17 89.67 92.84 OK
r-release-linux-x86_64 1.0.0 2.95 91.62 94.57 OK
r-release-macos-arm64 1.0.0 46.00 OK
r-release-macos-x86_64 1.0.0 109.00 OK
r-release-windows-x86_64 1.0.0 5.00 111.00 116.00 OK
r-oldrel-macos-arm64 1.0.0 43.00 OK
r-oldrel-windows-x86_64 1.0.0 5.00 113.00 118.00 OK

Check Details

Version: 1.0.0
Check: Rd files
Result: NOTE checkRd: (-1) stackG.Rd:79: Lost braces 79 | estimating coefficients for the Super Learner, defaults to \code{"method.NNLS"}), code{stratifyCV} | ^ checkRd: (-1) stackG.Rd:87: Lost braces 87 | estimate the survival function of \code{tau - time}. Defaults to code{NULL}, | ^ checkRd: (-1) stackL.Rd:68: Lost braces 68 | code{stratifyCV} (logical indicating whether to stratify by outcome in \code{SuperLearner}'s cross-validation | ^ checkRd: (-1) stackL.Rd:75: Lost braces 75 | estimate the survival function of \code{tau - time}. Defaults to code{NULL}, | ^ Flavors: r-devel-linux-x86_64-debian-clang, r-devel-linux-x86_64-debian-gcc, r-devel-linux-x86_64-fedora-clang, r-devel-linux-x86_64-fedora-gcc