CRAN Package Check Results for Package survCurve

Last updated on 2024-02-29 15:54:01 CET.

Flavor Version Tinstall Tcheck Ttotal Status Flags
r-devel-linux-x86_64-debian-clang 1.0 2.61 31.67 34.28 NOTE
r-devel-linux-x86_64-debian-gcc 1.0 2.02 24.15 26.17 NOTE
r-devel-linux-x86_64-fedora-clang 1.0 42.73 NOTE
r-devel-linux-x86_64-fedora-gcc 1.0 52.93 NOTE
r-devel-windows-x86_64 1.0 3.00 46.00 49.00 NOTE
r-patched-linux-x86_64 1.0 2.38 31.07 33.45 NOTE
r-release-linux-x86_64 1.0 2.14 31.55 33.69 NOTE
r-release-macos-arm64 1.0 24.00 NOTE
r-release-macos-x86_64 1.0 34.00 NOTE
r-release-windows-x86_64 1.0 4.00 48.00 52.00 NOTE
r-oldrel-macos-arm64 1.0 20.00 NOTE
r-oldrel-windows-x86_64 1.0 4.00 53.00 57.00 NOTE

Check Details

Version: 1.0
Check: LazyData
Result: NOTE 'LazyData' is specified without a 'data' directory Flavors: r-devel-linux-x86_64-debian-clang, r-devel-linux-x86_64-debian-gcc, r-devel-linux-x86_64-fedora-clang, r-devel-linux-x86_64-fedora-gcc, r-devel-windows-x86_64, r-patched-linux-x86_64, r-release-linux-x86_64, r-release-macos-arm64, r-release-macos-x86_64, r-release-windows-x86_64, r-oldrel-macos-arm64, r-oldrel-windows-x86_64

Version: 1.0
Check: dependencies in R code
Result: NOTE Namespace in Imports field not imported from: ‘survival’ All declared Imports should be used. Flavors: r-devel-linux-x86_64-fedora-clang, r-devel-linux-x86_64-fedora-gcc, r-oldrel-macos-arm64