CRAN Package Check Results for Package sure

Last updated on 2024-02-26 04:49:41 CET.

Flavor Version Tinstall Tcheck Ttotal Status Flags
r-devel-linux-x86_64-debian-clang 0.2.0 5.28 54.72 60.00 NOTE
r-devel-linux-x86_64-debian-gcc 0.2.0 4.65 40.92 45.57 NOTE
r-devel-linux-x86_64-fedora-clang 0.2.0 71.85 NOTE
r-devel-linux-x86_64-fedora-gcc 0.2.0 69.96 OK
r-devel-windows-x86_64 0.2.0 7.00 61.00 68.00 OK
r-patched-linux-x86_64 0.2.0 7.12 51.25 58.37 OK
r-release-linux-x86_64 0.2.0 6.27 52.33 58.60 OK
r-release-macos-arm64 0.2.0 25.00 OK
r-release-macos-x86_64 0.2.0 38.00 OK
r-release-windows-x86_64 0.2.0 9.00 71.00 80.00 OK
r-oldrel-macos-arm64 0.2.0 26.00 OK
r-oldrel-windows-x86_64 0.2.0 9.00 72.00 81.00 OK

Check Details

Version: 0.2.0
Check: Rd files
Result: NOTE checkRd: (-1) getFittedProbs.Rd:6-8: Lost braces 6 | getFittedValues <- function(object) { | ^ checkRd: (-1) getFittedProbs.Rd:14-16: Lost braces 14 | getFittedValues <- function(object) { | ^ Flavors: r-devel-linux-x86_64-debian-clang, r-devel-linux-x86_64-debian-gcc

Version: 0.2.0
Check: Rd cross-references
Result: NOTE Undeclared package ‘truncdist’ in Rd xrefs Flavor: r-devel-linux-x86_64-fedora-clang