CRAN Package Check Results for Package support.BWS

Last updated on 2024-02-23 16:53:32 CET.

Flavor Version Tinstall Tcheck Ttotal Status Flags
r-devel-linux-x86_64-debian-clang 0.4-6 NOTE
r-devel-linux-x86_64-debian-gcc 0.4-6 2.67 26.07 28.74 OK
r-devel-linux-x86_64-fedora-clang 0.4-6 49.87 NOTE
r-devel-linux-x86_64-fedora-gcc 0.4-6 44.20 OK
r-devel-windows-x86_64 0.4-6 4.00 48.00 52.00 OK
r-patched-linux-x86_64 0.4-6 3.79 33.56 37.35 OK
r-release-linux-x86_64 0.4-6 3.65 33.41 37.06 OK
r-release-macos-arm64 0.4-6 18.00 OK
r-release-macos-x86_64 0.4-6 25.00 OK
r-release-windows-x86_64 0.4-6 4.00 52.00 56.00 OK
r-oldrel-macos-arm64 0.4-6 OK
r-oldrel-windows-x86_64 0.4-6 5.00 56.00 61.00 OK

Check Details

Version: 0.4-6
Check: package dependencies
Result: NOTE Package suggested but not available for checking: ‘apollo’ Flavors: r-devel-linux-x86_64-debian-clang, r-devel-linux-x86_64-fedora-clang