CRAN Package Check Results for Package superbiclust

Last updated on 2020-08-06 15:49:49 CEST.

Flavor Version Tinstall Tcheck Ttotal Status Flags
r-devel-linux-x86_64-debian-clang 1.1 16.15 104.94 121.09 NOTE
r-devel-linux-x86_64-debian-gcc 1.1 11.64 79.22 90.86 NOTE
r-devel-linux-x86_64-fedora-clang 1.1 150.11 NOTE
r-devel-linux-x86_64-fedora-gcc 1.1 138.65 NOTE
r-devel-windows-ix86+x86_64 1.1 40.00 112.00 152.00 NOTE
r-patched-linux-x86_64 1.1 13.23 100.62 113.85 NOTE
r-patched-solaris-x86 1.1 216.20 NOTE
r-release-linux-x86_64 1.1 15.24 101.58 116.82 NOTE
r-release-macos-x86_64 1.1 NOTE
r-release-windows-ix86+x86_64 1.1 42.00 158.00 200.00 NOTE
r-oldrel-macos-x86_64 1.1 NOTE
r-oldrel-windows-ix86+x86_64 1.1 25.00 131.00 156.00 NOTE

Check Details

Version: 1.1
Check: R code for possible problems
Result: NOTE
    HCLtree: no visible global function definition for 'hclust'
    HCLtree: no visible global function definition for 'as.dist'
    plotProfilesAcrossAllSamples: no visible global function definition for
     'matplot'
    plotProfilesAcrossAllSamples: no visible global function definition for
     'matlines'
    plotProfilesAcrossAllSamples: no visible global function definition for
     'axis'
    plotProfilesAcrossAllSamples: no visible global function definition for
     'box'
    plotProfilesWithinBicluster: no visible global function definition for
     'matplot'
    plotProfilesWithinBicluster: no visible global function definition for
     'title'
    plotProfilesWithinBicluster: no visible global function definition for
     'axis'
    plotProfilesWithinBicluster: no visible global function definition for
     'par'
    plotProfilesWithinBicluster: no visible global function definition for
     'box'
    plotProfilesWithinBicluster: no visible global function definition for
     'matlines'
    plotProfilesWithinBicluster: no visible global function definition for
     'legend'
    Undefined global functions or variables:
     as.dist axis box hclust legend matlines matplot par title
    Consider adding
     importFrom("graphics", "axis", "box", "legend", "matlines", "matplot",
     "par", "title")
     importFrom("stats", "as.dist", "hclust")
    to your NAMESPACE file.
Flavors: r-devel-linux-x86_64-debian-clang, r-devel-linux-x86_64-debian-gcc, r-devel-linux-x86_64-fedora-clang, r-devel-linux-x86_64-fedora-gcc, r-devel-windows-ix86+x86_64, r-patched-linux-x86_64, r-patched-solaris-x86, r-release-linux-x86_64, r-release-macos-x86_64, r-release-windows-ix86+x86_64, r-oldrel-macos-x86_64, r-oldrel-windows-ix86+x86_64