Last updated on 2023-12-10 04:56:14 CET.
Flavor | Version | Tinstall | Tcheck | Ttotal | Status | Flags |
---|---|---|---|---|---|---|
r-devel-linux-x86_64-debian-clang | 0.7.4 | 25.32 | 153.59 | 178.91 | NOTE | |
r-devel-linux-x86_64-debian-gcc | 0.7.4 | 19.50 | 114.43 | 133.93 | NOTE | |
r-devel-linux-x86_64-fedora-clang | 0.7.4 | 226.93 | NOTE | |||
r-devel-linux-x86_64-fedora-gcc | 0.7.4 | 214.47 | NOTE | |||
r-devel-windows-x86_64 | 0.7.4 | 17.00 | 136.00 | 153.00 | NOTE | |
r-patched-linux-x86_64 | 0.7.4 | 23.05 | 149.66 | 172.71 | NOTE | |
r-release-linux-x86_64 | 0.7.4 | 22.41 | 149.26 | 171.67 | NOTE | |
r-release-macos-arm64 | 0.7.4 | 68.00 | NOTE | |||
r-release-macos-x86_64 | 0.7.4 | 142.00 | NOTE | |||
r-release-windows-x86_64 | 0.7.4 | 22.00 | 160.00 | 182.00 | NOTE | |
r-oldrel-macos-arm64 | 0.7.4 | 104.00 | OK | |||
r-oldrel-macos-x86_64 | 0.7.4 | 166.00 | OK | |||
r-oldrel-windows-x86_64 | 0.7.4 | 22.00 | 154.00 | 176.00 | OK |
Version: 0.7.4
Check: Rd \usage sections
Result: NOTE
S3 methods shown with full name in Rd file 'size.penalize.Rd':
‘size.penalize’
The \usage entries for S3 methods should use the \method markup and not
their full name.
See chapter ‘Writing R documentation files’ in the ‘Writing R
Extensions’ manual.
Flavors: r-devel-linux-x86_64-debian-clang, r-devel-linux-x86_64-debian-gcc, r-devel-linux-x86_64-fedora-clang, r-devel-linux-x86_64-fedora-gcc, r-devel-windows-x86_64
Version: 0.7.4
Check: Rd \usage sections
Result: NOTE
S3 methods shown with full name in documentation object 'size.penalize':
‘size.penalize’
The \usage entries for S3 methods should use the \method markup and not
their full name.
See chapter ‘Writing R documentation files’ in the ‘Writing R
Extensions’ manual.
Flavors: r-patched-linux-x86_64, r-release-linux-x86_64, r-release-macos-arm64, r-release-macos-x86_64, r-release-windows-x86_64
Version: 0.7.4
Check: package dependencies
Result: NOTE
Package suggested but not available for checking: ‘networkD3’
Flavor: r-release-macos-x86_64