CRAN Package Check Results for Package stylest

Last updated on 2020-08-13 15:51:23 CEST.

Flavor Version Tinstall Tcheck Ttotal Status Flags
r-devel-linux-x86_64-debian-clang 0.1.0 6.47 66.70 73.17 OK
r-devel-linux-x86_64-debian-gcc 0.1.0 5.60 51.86 57.46 OK
r-devel-linux-x86_64-fedora-clang 0.1.0 99.66 NOTE
r-devel-linux-x86_64-fedora-gcc 0.1.0 88.60 NOTE
r-devel-windows-ix86+x86_64 0.1.0 19.00 100.00 119.00 OK
r-patched-linux-x86_64 0.1.0 7.58 66.28 73.86 OK
r-patched-solaris-x86 0.1.0 141.20 NOTE
r-release-linux-x86_64 0.1.0 6.82 65.65 72.47 OK
r-release-macos-x86_64 0.1.0 NOTE
r-release-windows-ix86+x86_64 0.1.0 22.00 78.00 100.00 OK
r-oldrel-macos-x86_64 0.1.0 NOTE
r-oldrel-windows-ix86+x86_64 0.1.0 12.00 80.00 92.00 OK

Check Details

Version: 0.1.0
Check: data for non-ASCII characters
Result: NOTE
     Note: found 2 marked UTF-8 strings
Flavors: r-devel-linux-x86_64-fedora-clang, r-devel-linux-x86_64-fedora-gcc, r-patched-solaris-x86, r-release-macos-x86_64, r-oldrel-macos-x86_64