Last updated on 2023-09-29 05:06:18 CEST.
Flavor | Version | Tinstall | Tcheck | Ttotal | Status | Flags |
---|---|---|---|---|---|---|
r-devel-linux-x86_64-debian-clang | 1.5-3 | 12.77 | 102.56 | 115.33 | NOTE | |
r-devel-linux-x86_64-debian-gcc | 1.5-3 | 8.00 | 73.17 | 81.17 | NOTE | |
r-devel-linux-x86_64-fedora-clang | 1.5-3 | 137.20 | NOTE | |||
r-devel-linux-x86_64-fedora-gcc | 1.5-3 | 145.79 | NOTE | |||
r-devel-windows-x86_64 | 1.5-3 | 12.00 | 119.00 | 131.00 | NOTE | |
r-patched-linux-x86_64 | 1.5-3 | 10.24 | 97.24 | 107.48 | NOTE | |
r-release-linux-x86_64 | 1.5-3 | 11.52 | 98.30 | 109.82 | NOTE | |
r-release-macos-arm64 | 1.5-3 | 49.00 | NOTE | |||
r-release-macos-x86_64 | 1.5-3 | 79.00 | NOTE | |||
r-release-windows-x86_64 | 1.5-3 | 15.00 | 131.00 | 146.00 | NOTE | |
r-oldrel-macos-arm64 | 1.5-3 | 43.00 | NOTE | |||
r-oldrel-macos-x86_64 | 1.5-3 | 57.00 | NOTE | |||
r-oldrel-windows-x86_64 | 1.5-3 | 14.00 | 134.00 | 148.00 | NOTE |
Version: 1.5-3
Check: R code for possible problems
Result: NOTE
efpFunctional: multiple local function definitions for ‘plotProcess’
with different formal arguments
mefp.efp: multiple local function definitions for ‘computeEmpProc’ with
different formal arguments
Flavors: r-devel-linux-x86_64-debian-clang, r-devel-linux-x86_64-debian-gcc, r-devel-linux-x86_64-fedora-clang, r-devel-linux-x86_64-fedora-gcc, r-devel-windows-x86_64, r-patched-linux-x86_64, r-release-linux-x86_64, r-release-macos-arm64, r-release-macos-x86_64, r-release-windows-x86_64, r-oldrel-macos-arm64, r-oldrel-macos-x86_64, r-oldrel-windows-x86_64