CRAN Package Check Results for Package stringr

Last updated on 2020-11-30 03:47:55 CET.

Flavor Version Tinstall Tcheck Ttotal Status Flags
r-devel-linux-x86_64-debian-clang 1.4.0 3.85 37.55 41.40 OK
r-devel-linux-x86_64-debian-gcc 1.4.0 2.91 31.86 34.77 OK
r-devel-linux-x86_64-fedora-clang 1.4.0 54.73 NOTE
r-devel-linux-x86_64-fedora-gcc 1.4.0 45.73 NOTE
r-devel-windows-ix86+x86_64 1.4.0 6.00 40.00 46.00 OK
r-patched-linux-x86_64 1.4.0 4.02 40.80 44.82 OK
r-patched-solaris-x86 1.4.0 69.60 NOTE
r-release-linux-x86_64 1.4.0 3.99 41.74 45.73 OK
r-release-macos-x86_64 1.4.0 NOTE
r-release-windows-ix86+x86_64 1.4.0 7.00 42.00 49.00 OK
r-oldrel-macos-x86_64 1.4.0 NOTE
r-oldrel-windows-ix86+x86_64 1.4.0 5.00 55.00 60.00 OK

Check Details

Version: 1.4.0
Check: data for non-ASCII characters
Result: NOTE
     Note: found 3 marked UTF-8 strings
Flavors: r-devel-linux-x86_64-fedora-clang, r-devel-linux-x86_64-fedora-gcc, r-patched-solaris-x86, r-release-macos-x86_64, r-oldrel-macos-x86_64