CRAN Package Check Results for Package stringi

Last updated on 2020-09-19 03:49:57 CEST.

Flavor Version Tinstall Tcheck Ttotal Status Flags
r-devel-linux-x86_64-debian-clang 1.5.3 160.39 52.13 212.52 OK
r-devel-linux-x86_64-debian-gcc 1.5.3 107.00 40.66 147.66 OK
r-devel-linux-x86_64-fedora-clang 1.5.3 315.80 NOTE
r-devel-linux-x86_64-fedora-gcc 1.5.3 251.60 OK
r-devel-windows-ix86+x86_64 1.5.3 1215.00 127.00 1342.00 NOTE
r-patched-linux-x86_64 1.5.3 108.45 51.91 160.36 OK
r-patched-solaris-x86 1.5.3 805.20 NOTE
r-release-linux-x86_64 1.5.3 110.16 51.47 161.63 OK
r-release-macos-x86_64 1.5.3 NOTE
r-release-windows-ix86+x86_64 1.5.3 1070.00 99.00 1169.00 NOTE
r-oldrel-macos-x86_64 1.5.3 NOTE
r-oldrel-windows-ix86+x86_64 1.5.3 4.00 6.00 10.00 ERROR

Additional issues

rchk valgrind

Check Details

Version: 1.5.3
Check: installed package size
Result: NOTE
     installed size is 6.2Mb
     sub-directories of 1Mb or more:
     libs 5.4Mb
Flavors: r-devel-linux-x86_64-fedora-clang, r-devel-windows-ix86+x86_64, r-patched-solaris-x86, r-release-macos-x86_64, r-release-windows-ix86+x86_64, r-oldrel-macos-x86_64

Version: 1.5.3
Check: whether package can be installed
Result: ERROR
    Installation failed.
Flavor: r-oldrel-windows-ix86+x86_64