CRAN Package Check Results for Package stringi

Last updated on 2020-07-03 15:48:13 CEST.

Flavor Version Tinstall Tcheck Ttotal Status Flags
r-devel-linux-x86_64-debian-clang 1.4.6 153.62 51.69 205.31 OK
r-devel-linux-x86_64-debian-gcc 1.4.6 106.42 41.45 147.87 OK
r-devel-linux-x86_64-fedora-clang 1.4.6 289.23 NOTE
r-devel-linux-x86_64-fedora-gcc 1.4.6 245.64 OK
r-devel-windows-ix86+x86_64 1.4.6 1639.00 109.00 1748.00 NOTE
r-patched-linux-x86_64 1.4.6 108.24 52.16 160.40 OK
r-patched-solaris-x86 1.4.6 830.40 NOTE
r-release-linux-x86_64 1.4.6 106.84 52.10 158.94 OK
r-release-osx-x86_64 1.4.6 NOTE
r-release-windows-ix86+x86_64 1.4.6 1245.00 153.00 1398.00 NOTE
r-oldrel-osx-x86_64 1.4.6 NOTE
r-oldrel-windows-ix86+x86_64 1.4.6 1036.00 119.00 1155.00 NOTE

Additional issues

rchk

Check Details

Version: 1.4.6
Check: installed package size
Result: NOTE
     installed size is 6.1Mb
     sub-directories of 1Mb or more:
     libs 5.4Mb
Flavors: r-devel-linux-x86_64-fedora-clang, r-devel-windows-ix86+x86_64, r-patched-solaris-x86, r-release-osx-x86_64, r-release-windows-ix86+x86_64, r-oldrel-osx-x86_64, r-oldrel-windows-ix86+x86_64