CRAN Package Check Results for Package stressr

Last updated on 2020-08-11 15:48:53 CEST.

Flavor Version Tinstall Tcheck Ttotal Status Flags
r-devel-linux-x86_64-debian-clang 1.0.0 4.26 37.70 41.96 NOTE
r-devel-linux-x86_64-debian-gcc 1.0.0 2.99 30.07 33.06 NOTE
r-devel-linux-x86_64-fedora-clang 1.0.0 58.59 NOTE
r-devel-linux-x86_64-fedora-gcc 1.0.0 48.80 NOTE
r-devel-windows-ix86+x86_64 1.0.0 11.00 69.00 80.00 NOTE
r-patched-linux-x86_64 1.0.0 3.71 37.73 41.44 NOTE
r-patched-solaris-x86 1.0.0 73.40 NOTE
r-release-linux-x86_64 1.0.0 4.13 37.51 41.64 NOTE
r-release-macos-x86_64 1.0.0 NOTE
r-release-windows-ix86+x86_64 1.0.0 11.00 50.00 61.00 NOTE
r-oldrel-macos-x86_64 1.0.0 NOTE
r-oldrel-windows-ix86+x86_64 1.0.0 8.00 63.00 71.00 NOTE

Check Details

Version: 1.0.0
Check: DESCRIPTION meta-information
Result: NOTE
    Malformed Title field: should not end in a period.
Flavors: r-devel-linux-x86_64-debian-clang, r-devel-linux-x86_64-debian-gcc, r-devel-linux-x86_64-fedora-clang, r-devel-linux-x86_64-fedora-gcc, r-devel-windows-ix86+x86_64, r-patched-linux-x86_64, r-patched-solaris-x86, r-release-linux-x86_64, r-release-macos-x86_64, r-release-windows-ix86+x86_64, r-oldrel-macos-x86_64, r-oldrel-windows-ix86+x86_64