CRAN Package Check Results for Package stratEst

Last updated on 2020-10-30 15:49:30 CET.

Flavor Version Tinstall Tcheck Ttotal Status Flags
r-devel-linux-x86_64-debian-clang 1.0.1 129.63 54.33 183.96 OK
r-devel-linux-x86_64-debian-gcc 1.0.1 108.04 42.29 150.33 OK
r-devel-linux-x86_64-fedora-clang 1.0.1 255.87 NOTE
r-devel-linux-x86_64-fedora-gcc 1.0.1 232.56 OK
r-devel-windows-ix86+x86_64 1.0.1 245.00 99.00 344.00 OK
r-patched-linux-x86_64 1.0.1 121.21 51.07 172.28 OK
r-patched-solaris-x86 1.0.1 194.40 OK
r-release-linux-x86_64 1.0.1 113.94 51.24 165.18 OK
r-release-macos-x86_64 1.0.1 NOTE
r-release-windows-ix86+x86_64 1.0.1 197.00 119.00 316.00 OK
r-oldrel-macos-x86_64 1.0.1 NOTE
r-oldrel-windows-ix86+x86_64 1.0.1 184.00 97.00 281.00 OK

Check Details

Version: 1.0.1
Check: installed package size
Result: NOTE
     installed size is 10.2Mb
     sub-directories of 1Mb or more:
     libs 9.0Mb
Flavors: r-devel-linux-x86_64-fedora-clang, r-release-macos-x86_64, r-oldrel-macos-x86_64