CRAN Package Check Results for Package strat

Last updated on 2020-08-15 03:48:21 CEST.

Flavor Version Tinstall Tcheck Ttotal Status Flags
r-devel-linux-x86_64-debian-clang 0.1 30.59 34.50 65.09 OK
r-devel-linux-x86_64-debian-gcc 0.1 21.11 27.53 48.64 OK
r-devel-linux-x86_64-fedora-clang 0.1 92.20 NOTE
r-devel-linux-x86_64-fedora-gcc 0.1 80.09 NOTE
r-devel-windows-ix86+x86_64 0.1 81.00 101.00 182.00 OK
r-patched-linux-x86_64 0.1 18.59 35.15 53.74 OK
r-patched-solaris-x86 0.1 98.30 OK
r-release-linux-x86_64 0.1 24.68 35.38 60.06 OK
r-release-macos-x86_64 0.1 OK
r-release-windows-ix86+x86_64 0.1 78.00 76.00 154.00 OK
r-oldrel-macos-x86_64 0.1 OK
r-oldrel-windows-ix86+x86_64 0.1 48.00 73.00 121.00 OK

Check Details

Version: 0.1
Check: compiled code
Result: NOTE
    File ‘strat/libs/strat.so’:
     Found no calls to: ‘R_registerRoutines’, ‘R_useDynamicSymbols’
    
    It is good practice to register native routines and to disable symbol
    search.
    
    See ‘Writing portable packages’ in the ‘Writing R Extensions’ manual.
Flavors: r-devel-linux-x86_64-fedora-clang, r-devel-linux-x86_64-fedora-gcc