Last updated on 2023-12-01 04:54:12 CET.
Flavor | Version | Tinstall | Tcheck | Ttotal | Status | Flags |
---|---|---|---|---|---|---|
r-devel-linux-x86_64-debian-clang | 1.3.2 | 46.97 | 441.17 | 488.14 | OK | |
r-devel-linux-x86_64-debian-gcc | 1.3.2 | 42.69 | 324.40 | 367.09 | OK | |
r-devel-linux-x86_64-fedora-clang | 1.3.2 | 642.73 | NOTE | |||
r-devel-linux-x86_64-fedora-gcc | 1.3.2 | 637.40 | OK | |||
r-devel-windows-x86_64 | 1.3.2 | 39.00 | 277.00 | 316.00 | OK | |
r-patched-linux-x86_64 | 1.3.2 | 36.94 | 411.96 | 448.90 | OK | |
r-release-linux-x86_64 | 1.3.2 | 38.46 | 420.11 | 458.57 | OK | |
r-release-macos-arm64 | 1.3.2 | 156.00 | OK | |||
r-release-macos-x86_64 | 1.3.2 | 346.00 | OK | |||
r-release-windows-x86_64 | 1.3.2 | 56.00 | 376.00 | 432.00 | OK | |
r-oldrel-macos-arm64 | 1.3.2 | 167.00 | OK | |||
r-oldrel-macos-x86_64 | 1.3.1 | 216.00 | OK | |||
r-oldrel-windows-x86_64 | 1.3.2 | 55.00 | 382.00 | 437.00 | OK |
Version: 1.3.2
Check: package dependencies
Result: NOTE
Imports includes 25 non-default packages.
Importing from so many packages makes the package vulnerable to any of
them becoming unavailable. Move as many as possible to Suggests and
use conditionally.
Flavor: r-devel-linux-x86_64-fedora-clang