CRAN Package Check Results for Package stplanr

Last updated on 2020-08-06 04:48:22 CEST.

Flavor Version Tinstall Tcheck Ttotal Status Flags
r-devel-linux-x86_64-debian-clang 0.6.2 48.27 259.05 307.32 OK
r-devel-linux-x86_64-debian-gcc 0.6.2 40.75 194.94 235.69 OK
r-devel-linux-x86_64-fedora-clang 0.6.2 375.85 NOTE
r-devel-linux-x86_64-fedora-gcc 0.6.2 366.61 OK
r-devel-windows-ix86+x86_64 0.6.2 150.00 523.00 673.00 NOTE
r-patched-linux-x86_64 0.6.2 39.65 251.25 290.90 OK
r-patched-solaris-x86 0.6.2 470.50 WARN
r-release-linux-x86_64 0.6.2 43.38 247.95 291.33 OK
r-release-macos-x86_64 0.6.2 WARN
r-release-windows-ix86+x86_64 0.6.2 138.00 389.00 527.00 NOTE
r-oldrel-macos-x86_64 0.6.2 WARN
r-oldrel-windows-ix86+x86_64 0.6.2 89.00 299.00 388.00 NOTE

Check Details

Version: 0.6.2
Check: installed package size
Result: NOTE
     installed size is 6.4Mb
     sub-directories of 1Mb or more:
     doc 2.6Mb
     libs 1.7Mb
Flavors: r-devel-linux-x86_64-fedora-clang, r-devel-windows-ix86+x86_64, r-patched-solaris-x86, r-release-macos-x86_64, r-release-windows-ix86+x86_64, r-oldrel-macos-x86_64, r-oldrel-windows-ix86+x86_64

Version: 0.6.2
Check: re-building of vignette outputs
Result: WARN
    Error(s) in re-building vignettes:
     ...
    --- re-building ‘stplanr-od.Rmd’ using rmarkdown
    Warning in engine$weave(file, quiet = quiet, encoding = enc) :
     Pandoc (>= 1.12.3) and/or pandoc-citeproc not available. Falling back to R Markdown v1.
    
    Attaching package: 'dplyr'
    
    The following objects are masked from 'package:stats':
    
     filter, lag
    
    The following objects are masked from 'package:base':
    
     intersect, setdiff, setequal, union
    
    Quitting from lines 213-217 (stplanr-od.Rmd)
    Error: processing vignette 'stplanr-od.Rmd' failed with diagnostics:
    there is no package called 'webshot'
    --- failed re-building ‘stplanr-od.Rmd’
    
    --- re-building ‘stplanr-paper.Rmd’ using rmarkdown
    Warning in engine$weave(file, quiet = quiet, encoding = enc) :
     Pandoc (>= 1.12.3) and/or pandoc-citeproc not available. Falling back to R Markdown v1.
    --- finished re-building ‘stplanr-paper.Rmd’
    
    --- re-building ‘stplanr-parallel.Rmd’ using rmarkdown
    Warning in engine$weave(file, quiet = quiet, encoding = enc) :
     Pandoc (>= 1.12.3) and/or pandoc-citeproc not available. Falling back to R Markdown v1.
    --- finished re-building ‘stplanr-parallel.Rmd’
    
    --- re-building ‘stplanr-route-nets.Rmd’ using rmarkdown
    Warning in engine$weave(file, quiet = quiet, encoding = enc) :
     Pandoc (>= 1.12.3) and/or pandoc-citeproc not available. Falling back to R Markdown v1.
    Linking to GEOS 3.6.4, GDAL 2.2.4, PROJ 5.2.0
    2020-07-26 13:19:25 constructing segments
    2020-07-26 13:19:25 building geometry
    2020-07-26 13:19:25 simplifying geometry
    2020-07-26 13:19:25 aggregating flows
    2020-07-26 13:19:26 rejoining segments into linestrings
    --- finished re-building ‘stplanr-route-nets.Rmd’
    
    --- re-building ‘stplanr-routing.Rmd’ using rmarkdown
    Warning in engine$weave(file, quiet = quiet, encoding = enc) :
     Pandoc (>= 1.12.3) and/or pandoc-citeproc not available. Falling back to R Markdown v1.
    --- finished re-building ‘stplanr-routing.Rmd’
    
    --- re-building ‘stplanr.Rmd’ using rmarkdown
    Warning in engine$weave(file, quiet = quiet, encoding = enc) :
     Pandoc (>= 1.12.3) and/or pandoc-citeproc not available. Falling back to R Markdown v1.
    --- finished re-building ‘stplanr.Rmd’
    
    SUMMARY: processing the following file failed:
     ‘stplanr-od.Rmd’
    
    Error: Vignette re-building failed.
    Execution halted
Flavor: r-patched-solaris-x86

Version: 0.6.2
Check: re-building of vignette outputs
Result: WARN
    Error(s) in re-building vignettes:
    --- re-building ‘stplanr-od.Rmd’ using rmarkdown
    Warning in engine$weave(file, quiet = quiet, encoding = enc) :
     Pandoc (>= 1.12.3) and/or pandoc-citeproc not available. Falling back to R Markdown v1.
    
    Attaching package: 'dplyr'
    
    The following objects are masked from 'package:stats':
    
     filter, lag
    
    The following objects are masked from 'package:base':
    
     intersect, setdiff, setequal, union
    
    Quitting from lines 213-217 (stplanr-od.Rmd)
    Error: processing vignette 'stplanr-od.Rmd' failed with diagnostics:
    cannot open the connection
    --- failed re-building ‘stplanr-od.Rmd’
    
    --- re-building ‘stplanr-paper.Rmd’ using rmarkdown
    Warning in engine$weave(file, quiet = quiet, encoding = enc) :
     Pandoc (>= 1.12.3) and/or pandoc-citeproc not available. Falling back to R Markdown v1.
    --- finished re-building ‘stplanr-paper.Rmd’
    
    --- re-building ‘stplanr-parallel.Rmd’ using rmarkdown
    Warning in engine$weave(file, quiet = quiet, encoding = enc) :
     Pandoc (>= 1.12.3) and/or pandoc-citeproc not available. Falling back to R Markdown v1.
    --- finished re-building ‘stplanr-parallel.Rmd’
    
    --- re-building ‘stplanr-route-nets.Rmd’ using rmarkdown
    Warning in engine$weave(file, quiet = quiet, encoding = enc) :
     Pandoc (>= 1.12.3) and/or pandoc-citeproc not available. Falling back to R Markdown v1.
    Linking to GEOS 3.8.1, GDAL 3.1.1, PROJ 6.3.1
    2020-07-16 12:13:30 constructing segments
    2020-07-16 12:13:30 building geometry
    2020-07-16 12:13:30 simplifying geometry
    2020-07-16 12:13:30 aggregating flows
    2020-07-16 12:13:30 rejoining segments into linestrings
    --- finished re-building ‘stplanr-route-nets.Rmd’
    
    --- re-building ‘stplanr-routing.Rmd’ using rmarkdown
    Warning in engine$weave(file, quiet = quiet, encoding = enc) :
     Pandoc (>= 1.12.3) and/or pandoc-citeproc not available. Falling back to R Markdown v1.
    --- finished re-building ‘stplanr-routing.Rmd’
    
    --- re-building ‘stplanr.Rmd’ using rmarkdown
    Warning in engine$weave(file, quiet = quiet, encoding = enc) :
     Pandoc (>= 1.12.3) and/or pandoc-citeproc not available. Falling back to R Markdown v1.
    --- finished re-building ‘stplanr.Rmd’
    
    SUMMARY: processing the following file failed:
     ‘stplanr-od.Rmd’
    
    Error: Vignette re-building failed.
    Execution halted
Flavor: r-release-macos-x86_64

Version: 0.6.2
Check: re-building of vignette outputs
Result: WARN
    Error(s) in re-building vignettes:
    --- re-building ‘stplanr-od.Rmd’ using rmarkdown
    Warning in engine$weave(file, quiet = quiet, encoding = enc) :
     Pandoc (>= 1.12.3) and/or pandoc-citeproc not available. Falling back to R Markdown v1.
    
    Attaching package: 'dplyr'
    
    The following objects are masked from 'package:stats':
    
     filter, lag
    
    The following objects are masked from 'package:base':
    
     intersect, setdiff, setequal, union
    
    Quitting from lines 213-217 (stplanr-od.Rmd)
    Error: processing vignette 'stplanr-od.Rmd' failed with diagnostics:
    cannot open the connection
    --- failed re-building ‘stplanr-od.Rmd’
    
    --- re-building ‘stplanr-paper.Rmd’ using rmarkdown
    Warning in engine$weave(file, quiet = quiet, encoding = enc) :
     Pandoc (>= 1.12.3) and/or pandoc-citeproc not available. Falling back to R Markdown v1.
    --- finished re-building ‘stplanr-paper.Rmd’
    
    --- re-building ‘stplanr-parallel.Rmd’ using rmarkdown
    Warning in engine$weave(file, quiet = quiet, encoding = enc) :
     Pandoc (>= 1.12.3) and/or pandoc-citeproc not available. Falling back to R Markdown v1.
    --- finished re-building ‘stplanr-parallel.Rmd’
    
    --- re-building ‘stplanr-route-nets.Rmd’ using rmarkdown
    Warning in engine$weave(file, quiet = quiet, encoding = enc) :
     Pandoc (>= 1.12.3) and/or pandoc-citeproc not available. Falling back to R Markdown v1.
    Linking to GEOS 3.7.2, GDAL 2.4.2, PROJ 5.2.0
    2020-07-09 09:54:13 constructing segments
    2020-07-09 09:54:13 building geometry
    2020-07-09 09:54:13 simplifying geometry
    2020-07-09 09:54:13 aggregating flows
    2020-07-09 09:54:13 rejoining segments into linestrings
    --- finished re-building ‘stplanr-route-nets.Rmd’
    
    --- re-building ‘stplanr-routing.Rmd’ using rmarkdown
    Warning in engine$weave(file, quiet = quiet, encoding = enc) :
     Pandoc (>= 1.12.3) and/or pandoc-citeproc not available. Falling back to R Markdown v1.
    --- finished re-building ‘stplanr-routing.Rmd’
    
    --- re-building ‘stplanr.Rmd’ using rmarkdown
    Warning in engine$weave(file, quiet = quiet, encoding = enc) :
     Pandoc (>= 1.12.3) and/or pandoc-citeproc not available. Falling back to R Markdown v1.
    --- finished re-building ‘stplanr.Rmd’
    
    SUMMARY: processing the following file failed:
     ‘stplanr-od.Rmd’
    
    Error: Vignette re-building failed.
    Execution halted
Flavor: r-oldrel-macos-x86_64