Last updated on 2023-11-30 16:49:39 CET.
Flavor | Version | Tinstall | Tcheck | Ttotal | Status | Flags |
---|---|---|---|---|---|---|
r-devel-linux-x86_64-debian-clang | 1.0-1 | 23.86 | 211.93 | 235.79 | OK | |
r-devel-linux-x86_64-debian-gcc | 1.0-1 | 20.98 | 156.88 | 177.86 | OK | |
r-devel-linux-x86_64-fedora-clang | 1.0-1 | 300.17 | NOTE | |||
r-devel-linux-x86_64-fedora-gcc | 1.0-1 | 321.90 | OK | |||
r-devel-windows-x86_64 | 1.0-1 | 22.00 | 181.00 | 203.00 | OK | |
r-patched-linux-x86_64 | 1.0-1 | 36.12 | 199.76 | 235.88 | OK | |
r-release-linux-x86_64 | 1.0-1 | 18.97 | 201.87 | 220.84 | OK | |
r-release-macos-arm64 | 1.0-1 | 89.00 | OK | |||
r-release-macos-x86_64 | 1.0-1 | 121.00 | OK | |||
r-release-windows-x86_64 | 1.0-1 | 28.00 | 222.00 | 250.00 | OK | |
r-oldrel-macos-arm64 | 1.0-1 | 74.00 | OK | |||
r-oldrel-macos-x86_64 | 1.0-1 | 104.00 | OK | |||
r-oldrel-windows-x86_64 | 1.0-1 | 32.00 | 208.00 | 240.00 | OK |
Version: 1.0-1
Check: Rd cross-references
Result: NOTE
Undeclared package ‘dbscan’ in Rd xrefs
Flavor: r-devel-linux-x86_64-fedora-clang