CRAN Package Check Results for Package stlplus

Last updated on 2020-08-13 15:51:23 CEST.

Flavor Version Tinstall Tcheck Ttotal Status Flags
r-devel-linux-x86_64-debian-clang 0.5.1 32.91 37.55 70.46 OK
r-devel-linux-x86_64-debian-gcc 0.5.1 23.06 30.07 53.13 OK
r-devel-linux-x86_64-fedora-clang 0.5.1 102.20 NOTE
r-devel-linux-x86_64-fedora-gcc 0.5.1 86.87 NOTE
r-devel-windows-ix86+x86_64 0.5.1 87.00 108.00 195.00 OK
r-patched-linux-x86_64 0.5.1 24.96 36.78 61.74 OK
r-patched-solaris-x86 0.5.1 98.70 OK
r-release-linux-x86_64 0.5.1 23.54 37.10 60.64 OK
r-release-macos-x86_64 0.5.1 OK
r-release-windows-ix86+x86_64 0.5.1 81.00 77.00 158.00 OK
r-oldrel-macos-x86_64 0.5.1 OK
r-oldrel-windows-ix86+x86_64 0.5.1 60.00 89.00 149.00 OK

Check Details

Version: 0.5.1
Check: compiled code
Result: NOTE
    File ‘stlplus/libs/stlplus.so’:
     Found no calls to: ‘R_registerRoutines’, ‘R_useDynamicSymbols’
    
    It is good practice to register native routines and to disable symbol
    search.
    
    See ‘Writing portable packages’ in the ‘Writing R Extensions’ manual.
Flavors: r-devel-linux-x86_64-fedora-clang, r-devel-linux-x86_64-fedora-gcc