CRAN Package Check Results for Package sticky

Last updated on 2024-03-03 16:50:11 CET.

Flavor Version Tinstall Tcheck Ttotal Status Flags
r-devel-linux-x86_64-debian-clang 0.5.6.1 1.85 30.05 31.90 NOTE
r-devel-linux-x86_64-debian-gcc 0.5.6.1 1.63 23.20 24.83 NOTE
r-devel-linux-x86_64-fedora-clang 0.5.6.1 40.60 NOTE
r-devel-linux-x86_64-fedora-gcc 0.5.6.1 50.24 NOTE
r-devel-windows-x86_64 0.5.6.1 3.00 46.00 49.00 NOTE
r-patched-linux-x86_64 0.5.6.1 2.39 29.45 31.84 NOTE
r-release-linux-x86_64 0.5.6.1 1.90 28.87 30.77 NOTE
r-release-macos-arm64 0.5.6.1 23.00 NOTE
r-release-macos-x86_64 0.5.6.1 34.00 NOTE
r-release-windows-x86_64 0.5.6.1 3.00 48.00 51.00 NOTE
r-oldrel-macos-arm64 0.5.6.1 21.00 NOTE
r-oldrel-windows-x86_64 0.5.6.1 3.00 50.00 53.00 NOTE

Check Details

Version: 0.5.6.1
Check: LazyData
Result: NOTE 'LazyData' is specified without a 'data' directory Flavors: r-devel-linux-x86_64-debian-clang, r-devel-linux-x86_64-debian-gcc, r-devel-linux-x86_64-fedora-clang, r-devel-linux-x86_64-fedora-gcc, r-devel-windows-x86_64, r-patched-linux-x86_64, r-release-linux-x86_64, r-release-macos-arm64, r-release-macos-x86_64, r-release-windows-x86_64, r-oldrel-macos-arm64, r-oldrel-windows-x86_64