CRAN Package Check Results for Package steps

Last updated on 2020-08-03 05:49:03 CEST.

Flavor Version Tinstall Tcheck Ttotal Status Flags
r-devel-linux-x86_64-debian-clang 1.1.0 35.17 487.68 522.85 OK
r-devel-linux-x86_64-debian-gcc 1.1.0 27.87 362.32 390.19 OK
r-devel-linux-x86_64-fedora-clang 1.1.0 624.29 OK
r-devel-linux-x86_64-fedora-gcc 1.1.0 613.72 OK
r-devel-windows-ix86+x86_64 1.1.0 91.00 555.00 646.00 OK
r-patched-linux-x86_64 1.1.0 29.06 465.83 494.89 OK
r-patched-solaris-x86 1.1.0 902.20 OK
r-release-linux-x86_64 1.1.0 27.30 465.58 492.88 OK
r-release-macos-x86_64 1.1.0 OK
r-release-windows-ix86+x86_64 1.1.0 91.00 769.00 860.00 OK
r-oldrel-macos-x86_64 1.1.0 OK
r-oldrel-windows-ix86+x86_64 1.1.0 57.00 410.00 467.00 WARN

Check Details

Version: 1.1.0
Check: re-building of vignette outputs
Result: WARN
    Error(s) in re-building vignettes:
    Warning in file(con, "r") :
     cannot open file 'D:\temp\RtmpM3YhQg\file239286e6b42a7': Permission denied
    Error in file(con, "r") : cannot open the connection
    Calls: <Anonymous> -> readLines -> file
    Execution halted
Flavor: r-oldrel-windows-ix86+x86_64